{"id":409,"date":"2024-10-28T12:34:55","date_gmt":"2024-10-28T11:34:55","guid":{"rendered":"https:\/\/agro-expert.eu\/?page_id=409"},"modified":"2024-10-28T12:48:42","modified_gmt":"2024-10-28T11:48:42","slug":"dni-pola-2024","status":"publish","type":"page","link":"https:\/\/agro-expert.eu\/?page_id=409","title":{"rendered":"Dni Pola 2024"},"content":{"rendered":"\n<p class=\"has-text-align-center\">Ka\u017cdego roku, pod koniec lata, rozpoczynamy cykl spotka\u0144 polowych. Dla zespo\u0142u farmsaat to okres intensywnej pracy trwaj\u0105cej osiem tygodni. W tym czasie organizujemy kolejne spotkania, przygotowujemy zaproszenia, plakaty, zamawiamy materia\u0142y promocyjne oraz niezb\u0119dne wyposa\u017cenie wydarze\u0144. Czy to wszystko jedynie po to, aby obejrze\u0107 nasze odmiany kukurydzy na polu? Zdecydowanie nie. Dni Pola to dla nas o wiele wi\u0119cej ni\u017c zwyk\u0142a prezentacja.<\/p>\n\n\n\n<p class=\"has-text-align-center\">Podczas tych spotka\u0144 rolnicy z ca\u0142ej Polski maj\u0105 wyj\u0105tkow\u0105 okazj\u0119, by wraz z naszymi specjalistami \u2013 farmpartnerami \u2013 pozna\u0107 nowe i sprawdzone odmiany kukurydzy. Jest to tak\u017ce \u015bwietna sposobno\u015b\u0107, aby na w\u0142asne oczy przekona\u0107 si\u0119, jak nasze odmiany sprawdzaj\u0105 si\u0119 w praktycznych warunkach uprawy. W niekt\u00f3rych lokalizacjach przeprowadzamy nawet \u017cniwa na \u017cywo, kt\u00f3re pozwalaj\u0105 na natychmiastow\u0105 ocen\u0119 plon\u00f3w. Spotkania te stanowi\u0105 r\u00f3wnie\u017c doskona\u0142\u0105 platform\u0119 do rozm\u00f3w, wymiany do\u015bwiadcze\u0144 oraz zadawania pyta\u0144 lokalnym farmpartnerom i innym rolnikom.<\/p>\n\n\n\n<p class=\"has-text-align-center\">Dni Pola to dla nas tak\u017ce czas weryfikacji \u2013 mo\u017cemy przyjrze\u0107 si\u0119 wydajno\u015bci naszych odmian w r\u00f3\u017cnych warunkach oraz zebra\u0107 bezpo\u015brednie opinie naszych klient\u00f3w. Dowiadujemy si\u0119, co jest dla nich kluczowe, z jakimi wyzwaniami si\u0119 mierz\u0105 oraz jakie praktyczne kwestie wp\u0142ywaj\u0105 na ich uprawy. Te informacje wzbogacaj\u0105 nasz\u0105 wiedz\u0119 i wspieraj\u0105 dalszy rozw\u00f3j naszych dzia\u0142a\u0144 hodowlanych.<\/p>\n\n\n\n<p class=\"has-text-align-center\">Je\u015bli poszukujesz idealnej odmiany do swojego gospodarstwa lub masz pytania dotycz\u0105ce uprawy kukurydzy i chcesz skonsultowa\u0107 je z ekspertami, zapraszamy na nasze spotkania.  W razie pyta\u0144 zach\u0119camy do kontaktu z Ma\u0142gorzat\u0105 Jasku\u0142\u0105 Dzie\u0142akowsk\u0105: 722-160 &#8211; 857<\/p>\n\n\n\n<p class=\"has-text-align-center\"><em>Do zobaczenia w polu!<\/em><\/p>\n\n\n<div class=\"wp-block-image\">\n<figure class=\"aligncenter size-large\"><img fetchpriority=\"high\" decoding=\"async\" width=\"1024\" height=\"670\" src=\"https:\/\/agro-expert.eu\/wp-content\/uploads\/2024\/10\/field-7009990_1280-1024x670.jpg\" alt=\"\" class=\"wp-image-407\" srcset=\"https:\/\/agro-expert.eu\/wp-content\/uploads\/2024\/10\/field-7009990_1280-1024x670.jpg 1024w, https:\/\/agro-expert.eu\/wp-content\/uploads\/2024\/10\/field-7009990_1280-300x196.jpg 300w, https:\/\/agro-expert.eu\/wp-content\/uploads\/2024\/10\/field-7009990_1280-768x503.jpg 768w, https:\/\/agro-expert.eu\/wp-content\/uploads\/2024\/10\/field-7009990_1280-600x393.jpg 600w, https:\/\/agro-expert.eu\/wp-content\/uploads\/2024\/10\/field-7009990_1280.jpg 1280w\" sizes=\"(max-width: 1024px) 100vw, 1024px\" \/><\/figure>\n<\/div>","protected":false},"excerpt":{"rendered":"<p>Ka\u017cdego roku, pod koniec lata, rozpoczynamy cykl spotka\u0144 polowych. Dla zespo\u0142u farmsaat to okres intensywnej pracy trwaj\u0105cej osiem tygodni. W tym czasie organizujemy kolejne spotkania, przygotowujemy zaproszenia, plakaty, zamawiamy materia\u0142y promocyjne oraz niezb\u0119dne wyposa\u017cenie wydarze\u0144. Czy to wszystko jedynie po to, aby obejrze\u0107 nasze odmiany kukurydzy na polu? Zdecydowanie nie. Dni Pola to dla nas &#8230; <a title=\"Dni Pola 2024\" class=\"read-more\" href=\"https:\/\/agro-expert.eu\/?page_id=409\" aria-label=\"Read more about Dni Pola 2024\">Dowiedz si\u0119 wi\u0119cej<\/a><\/p>\n","protected":false},"author":1,"featured_media":0,"parent":0,"menu_order":0,"comment_status":"closed","ping_status":"closed","template":"","meta":{"om_disable_all_campaigns":false,"_monsterinsights_skip_tracking":false,"_monsterinsights_sitenote_active":false,"_monsterinsights_sitenote_note":"","_monsterinsights_sitenote_category":0,"_uf_show_specific_survey":0,"_uf_disable_surveys":false,"footnotes":""},"class_list":["post-409","page","type-page","status-publish"],"aioseo_notices":[],"jetpack_sharing_enabled":true,"_links":{"self":[{"href":"https:\/\/agro-expert.eu\/index.php?rest_route=\/wp\/v2\/pages\/409","targetHints":{"allow":["GET"]}}],"collection":[{"href":"https:\/\/agro-expert.eu\/index.php?rest_route=\/wp\/v2\/pages"}],"about":[{"href":"https:\/\/agro-expert.eu\/index.php?rest_route=\/wp\/v2\/types\/page"}],"author":[{"embeddable":true,"href":"https:\/\/agro-expert.eu\/index.php?rest_route=\/wp\/v2\/users\/1"}],"replies":[{"embeddable":true,"href":"https:\/\/agro-expert.eu\/index.php?rest_route=%2Fwp%2Fv2%2Fcomments&post=409"}],"version-history":[{"count":3,"href":"https:\/\/agro-expert.eu\/index.php?rest_route=\/wp\/v2\/pages\/409\/revisions"}],"predecessor-version":[{"id":420,"href":"https:\/\/agro-expert.eu\/index.php?rest_route=\/wp\/v2\/pages\/409\/revisions\/420"}],"wp:attachment":[{"href":"https:\/\/agro-expert.eu\/index.php?rest_route=%2Fwp%2Fv2%2Fmedia&parent=409"}],"curies":[{"name":"wp","href":"https:\/\/api.w.org\/{rel}","templated":true}]}}