{"id":80,"date":"2024-10-24T16:00:09","date_gmt":"2024-10-24T14:00:09","guid":{"rendered":"https:\/\/agro-expert.eu\/?page_id=80"},"modified":"2025-10-20T10:19:14","modified_gmt":"2025-10-20T08:19:14","slug":"katalog","status":"publish","type":"page","link":"https:\/\/agro-expert.eu\/?page_id=80","title":{"rendered":"Katalog"},"content":{"rendered":"\n<div class=\"wp-block-group alignfull is-content-justification-center\" style=\"margin-top:0;margin-bottom:0;padding-top:calc( 0.5 * var(--wp--style--root--padding-right, var(--wp--custom--gap--horizontal)));padding-right:var(--wp--style--root--padding-right, var(--wp--custom--gap--horizontal));padding-bottom:calc( 0.5 * var(--wp--style--root--padding-right, var(--wp--custom--gap--horizontal)));padding-left:var(--wp--style--root--padding-left, var(--wp--custom--gap--horizontal))\"><div class=\"wp-block-group__inner-container is-layout-constrained wp-container-core-group-is-layout-bea43fe8 wp-block-group-is-layout-constrained\">\n<div style=\"height:calc( 0.25 * var(--wp--style--root--padding-right, var(--wp--custom--gap--horizontal)))\" aria-hidden=\"true\" class=\"wp-block-spacer\"><\/div>\n\n\n\n<div class=\"wp-block-columns alignfull is-layout-flex wp-container-core-columns-is-layout-5f4f44cd wp-block-columns-is-layout-flex\" style=\"padding-top:0;padding-right:0;padding-bottom:0;padding-left:0\">\n<div class=\"wp-block-column is-vertically-aligned-center is-layout-constrained wp-container-core-column-is-layout-82686151 wp-block-column-is-layout-constrained\" style=\"padding-top:0;padding-right:0;padding-bottom:0;padding-left:0\">\n<div class=\"wp-block-group alignfull\" style=\"margin-top:var(--wp--preset--spacing--40);margin-bottom:var(--wp--preset--spacing--40);padding-top:0px;padding-right:60px;padding-bottom:0px;padding-left:60px\"><div class=\"wp-block-group__inner-container is-layout-flow wp-block-group-is-layout-flow\">\n<div class=\"wp-block-media-text is-stacked-on-mobile\"><figure class=\"wp-block-media-text__media\"><a href=\"https:\/\/agro-expert.eu\/wp-content\/uploads\/2025\/10\/Zrzut-ekranu-2025-10-20-o-10.13.18-edited.png\"><img fetchpriority=\"high\" decoding=\"async\" width=\"598\" height=\"598\" src=\"https:\/\/agro-expert.eu\/wp-content\/uploads\/2025\/10\/Zrzut-ekranu-2025-10-20-o-10.13.18-edited.png\" alt=\"\" class=\"wp-image-1137 size-full\" srcset=\"https:\/\/agro-expert.eu\/wp-content\/uploads\/2025\/10\/Zrzut-ekranu-2025-10-20-o-10.13.18-edited.png 598w, https:\/\/agro-expert.eu\/wp-content\/uploads\/2025\/10\/Zrzut-ekranu-2025-10-20-o-10.13.18-edited-300x300.png 300w, https:\/\/agro-expert.eu\/wp-content\/uploads\/2025\/10\/Zrzut-ekranu-2025-10-20-o-10.13.18-edited-150x150.png 150w, https:\/\/agro-expert.eu\/wp-content\/uploads\/2025\/10\/Zrzut-ekranu-2025-10-20-o-10.13.18-edited-100x100.png 100w\" sizes=\"(max-width: 598px) 100vw, 598px\" \/><\/a><\/figure><div class=\"wp-block-media-text__content\">\n<p class=\"has-text-align-center\" style=\"font-size:26px\"><strong>Najnowszy katalog 2026<\/strong><\/p>\n\n\n\n<p class=\"has-text-align-center\">Zapoznaj si\u0119 z najnowszym katalogiem i skontaktuj si\u0119 z nami. Pomo\u017cemy wybra\u0107 najlepsz\u0105 opcj\u0119. Nasze us\u0142ugi s\u0105 dost\u0119pne g\u0142\u00f3wnie <br>na terenie wojew\u00f3dztwa mazowieckiego <br>i wielkopolskiego, a ju\u017c wkr\u00f3tce uruchamiamy sklep internetowy, aby m\u00f3c dociera\u0107 do rolnik\u00f3w w ca\u0142ej Polsce.<\/p>\n\n\n\n<div class=\"wp-block-buttons is-content-justification-center is-layout-flex wp-container-core-buttons-is-layout-2172d262 wp-block-buttons-is-layout-flex\" style=\"margin-top:64px\">\n<div class=\"wp-block-button has-custom-font-size\"><a class=\"wp-block-button__link has-background has-text-align-center wp-element-button\" href=\"https:\/\/drive.google.com\/file\/d\/1i1GUe9mV03lKwKAhQ9Uz3OA7fG1i_uqN\/view?usp=sharing\" style=\"background-color:#59b22b\"><strong>Sprawd\u017a<\/strong><\/a><\/div>\n<\/div>\n<\/div><\/div>\n\n\n\n<div style=\"height:56px\" aria-hidden=\"true\" class=\"wp-block-spacer\"><\/div>\n\n\n\n<div class=\"wp-block-media-text has-media-on-the-right is-stacked-on-mobile\"><div class=\"wp-block-media-text__content\">\n<p class=\"has-text-align-center\" style=\"font-size:26px\"><strong>Trawy<\/strong><\/p>\n\n\n\n<p class=\"has-text-align-center\">Zapoznaj si\u0119 z najnowszym katalogiem traw i skontaktuj si\u0119 z nami. Pomo\u017cemy wybra\u0107 najlepsz\u0105 opcj\u0119. <\/p>\n\n\n\n<div class=\"wp-block-buttons is-content-justification-center is-layout-flex wp-container-core-buttons-is-layout-2172d262 wp-block-buttons-is-layout-flex\" style=\"margin-top:64px\">\n<div class=\"wp-block-button has-custom-font-size\"><a class=\"wp-block-button__link has-background has-text-align-center wp-element-button\" href=\"https:\/\/drive.google.com\/file\/d\/1vPHq20fCGfXqAFC7l4R74kPAYNsKbIgR\/view?usp=sharing\" style=\"background-color:#59b22b\"><strong>Sprawd\u017a<\/strong><\/a><\/div>\n<\/div>\n<\/div><figure class=\"wp-block-media-text__media\"><img decoding=\"async\" width=\"1024\" height=\"1024\" src=\"https:\/\/agro-expert.eu\/wp-content\/uploads\/2024\/10\/9-1024x1024.png\" alt=\"\" class=\"wp-image-424 size-full\" srcset=\"https:\/\/agro-expert.eu\/wp-content\/uploads\/2024\/10\/9-1024x1024.png 1024w, https:\/\/agro-expert.eu\/wp-content\/uploads\/2024\/10\/9-300x300.png 300w, https:\/\/agro-expert.eu\/wp-content\/uploads\/2024\/10\/9-150x150.png 150w, https:\/\/agro-expert.eu\/wp-content\/uploads\/2024\/10\/9-768x768.png 768w, https:\/\/agro-expert.eu\/wp-content\/uploads\/2024\/10\/9-600x600.png 600w, https:\/\/agro-expert.eu\/wp-content\/uploads\/2024\/10\/9-100x100.png 100w, https:\/\/agro-expert.eu\/wp-content\/uploads\/2024\/10\/9.png 1080w\" sizes=\"(max-width: 1024px) 100vw, 1024px\" \/><\/figure><\/div>\n\n\n\n<div style=\"height:56px\" aria-hidden=\"true\" class=\"wp-block-spacer\"><\/div>\n\n\n\n<div class=\"wp-block-media-text is-stacked-on-mobile\"><figure class=\"wp-block-media-text__media\"><img decoding=\"async\" width=\"1024\" height=\"1024\" src=\"https:\/\/agro-expert.eu\/wp-content\/uploads\/2024\/10\/8-1024x1024.png\" alt=\"\" class=\"wp-image-425 size-full\" srcset=\"https:\/\/agro-expert.eu\/wp-content\/uploads\/2024\/10\/8-1024x1024.png 1024w, https:\/\/agro-expert.eu\/wp-content\/uploads\/2024\/10\/8-300x300.png 300w, https:\/\/agro-expert.eu\/wp-content\/uploads\/2024\/10\/8-150x150.png 150w, https:\/\/agro-expert.eu\/wp-content\/uploads\/2024\/10\/8-768x768.png 768w, https:\/\/agro-expert.eu\/wp-content\/uploads\/2024\/10\/8-600x600.png 600w, https:\/\/agro-expert.eu\/wp-content\/uploads\/2024\/10\/8-100x100.png 100w, https:\/\/agro-expert.eu\/wp-content\/uploads\/2024\/10\/8.png 1080w\" sizes=\"(max-width: 1024px) 100vw, 1024px\" \/><\/figure><div class=\"wp-block-media-text__content\">\n<p><\/p>\n\n\n\n<p class=\"has-text-align-center\" style=\"font-size:26px\"><strong>Soja<\/strong><\/p>\n\n\n\n<p class=\"has-text-align-center\">Zapoznaj si\u0119 z najnowszym katalogiem soja i skontaktuj si\u0119 z nami. Pomo\u017cemy wybra\u0107 najlepsz\u0105 opcj\u0119. <\/p>\n\n\n\n<div class=\"wp-block-buttons is-content-justification-center is-layout-flex wp-container-core-buttons-is-layout-2172d262 wp-block-buttons-is-layout-flex\" style=\"margin-top:64px\">\n<div class=\"wp-block-button has-custom-font-size\"><a class=\"wp-block-button__link has-background has-text-align-center wp-element-button\" href=\"https:\/\/drive.google.com\/file\/d\/1_pCCQg-aetrdfHafZXKxZ81yZsdvw1GJ\/view?usp=sharing\" style=\"background-color:#59b22b\"><strong>Sprawd\u017a<\/strong><\/a><\/div>\n<\/div>\n<\/div><\/div>\n<\/div><\/div>\n<\/div>\n<\/div>\n\n\n\n\n\n<div class=\"wp-block-columns alignfull is-layout-flex wp-container-core-columns-is-layout-5f4f44cd wp-block-columns-is-layout-flex\" style=\"padding-top:0;padding-right:0;padding-bottom:0;padding-left:0\">\n<div class=\"wp-block-column is-vertically-aligned-center is-layout-flow wp-block-column-is-layout-flow\" style=\"padding-top:0;padding-right:0;padding-bottom:0;padding-left:0\"><\/div>\n\n\n\n<div class=\"wp-block-column is-vertically-aligned-center is-layout-flow wp-block-column-is-layout-flow\"><\/div>\n<\/div>\n\n\n\n<div style=\"height:calc( 0.25 * var(--wp--style--root--padding-right, var(--wp--custom--gap--horizontal)))\" aria-hidden=\"true\" class=\"wp-block-spacer\"><\/div>\n<\/div><\/div>\n","protected":false},"excerpt":{"rendered":"<p>Najnowszy katalog 2026 Zapoznaj si\u0119 z najnowszym katalogiem i skontaktuj si\u0119 z nami. Pomo\u017cemy wybra\u0107 najlepsz\u0105 opcj\u0119. Nasze us\u0142ugi s\u0105 dost\u0119pne g\u0142\u00f3wnie na terenie wojew\u00f3dztwa mazowieckiego i wielkopolskiego, a ju\u017c wkr\u00f3tce uruchamiamy sklep internetowy, aby m\u00f3c dociera\u0107 do rolnik\u00f3w w ca\u0142ej Polsce. Trawy Zapoznaj si\u0119 z najnowszym katalogiem traw i skontaktuj si\u0119 z nami. Pomo\u017cemy &#8230; <a title=\"Katalog\" class=\"read-more\" href=\"https:\/\/agro-expert.eu\/?page_id=80\" aria-label=\"Read more about Katalog\">Dowiedz si\u0119 wi\u0119cej<\/a><\/p>\n","protected":false},"author":1,"featured_media":0,"parent":0,"menu_order":0,"comment_status":"closed","ping_status":"closed","template":"","meta":{"om_disable_all_campaigns":false,"_monsterinsights_skip_tracking":false,"_monsterinsights_sitenote_active":false,"_monsterinsights_sitenote_note":"","_monsterinsights_sitenote_category":0,"_uf_show_specific_survey":0,"_uf_disable_surveys":false,"footnotes":""},"class_list":["post-80","page","type-page","status-publish"],"aioseo_notices":[],"jetpack_sharing_enabled":true,"_links":{"self":[{"href":"https:\/\/agro-expert.eu\/index.php?rest_route=\/wp\/v2\/pages\/80","targetHints":{"allow":["GET"]}}],"collection":[{"href":"https:\/\/agro-expert.eu\/index.php?rest_route=\/wp\/v2\/pages"}],"about":[{"href":"https:\/\/agro-expert.eu\/index.php?rest_route=\/wp\/v2\/types\/page"}],"author":[{"embeddable":true,"href":"https:\/\/agro-expert.eu\/index.php?rest_route=\/wp\/v2\/users\/1"}],"replies":[{"embeddable":true,"href":"https:\/\/agro-expert.eu\/index.php?rest_route=%2Fwp%2Fv2%2Fcomments&post=80"}],"version-history":[{"count":32,"href":"https:\/\/agro-expert.eu\/index.php?rest_route=\/wp\/v2\/pages\/80\/revisions"}],"predecessor-version":[{"id":1140,"href":"https:\/\/agro-expert.eu\/index.php?rest_route=\/wp\/v2\/pages\/80\/revisions\/1140"}],"wp:attachment":[{"href":"https:\/\/agro-expert.eu\/index.php?rest_route=%2Fwp%2Fv2%2Fmedia&parent=80"}],"curies":[{"name":"wp","href":"https:\/\/api.w.org\/{rel}","templated":true}]}}