{"id":1118,"date":"2025-10-20T09:51:07","date_gmt":"2025-10-20T07:51:07","guid":{"rendered":"https:\/\/agro-expert.eu\/?post_type=product&#038;p=1118"},"modified":"2026-01-30T18:04:39","modified_gmt":"2026-01-30T17:04:39","slug":"kukurydza-farmarcan","status":"publish","type":"product","link":"https:\/\/agro-expert.eu\/?product=kukurydza-farmarcan","title":{"rendered":"Kukurydza FARMARCAN"},"content":{"rendered":"<p><strong>FARMARCAN (K240<\/strong>) to przede wszystkim bardzo dobry wigor pocz\u0105tkowy, \u015bwietna stabilno\u015b\u0107 ro\u015blin, wysoki plon suchej masy i bardzo dobra strawno\u015b\u0107. Te parametry sprawiaj\u0105, \u017ce to odmiana idealna na kiszonk\u0119 oraz biogaz. Du\u017cym jej atutem jest szeroka tolerancja doboru stanowis<\/p>\n<p><img fetchpriority=\"high\" decoding=\"async\" class=\"aligncenter wp-image-1119 size-full\" src=\"https:\/\/agro-expert.eu\/wp-content\/uploads\/2025\/10\/Zrzut-ekranu-2025-10-20-o-09.51.25.png\" alt=\"\" width=\"674\" height=\"569\" srcset=\"https:\/\/agro-expert.eu\/wp-content\/uploads\/2025\/10\/Zrzut-ekranu-2025-10-20-o-09.51.25.png 674w, https:\/\/agro-expert.eu\/wp-content\/uploads\/2025\/10\/Zrzut-ekranu-2025-10-20-o-09.51.25-300x253.png 300w, https:\/\/agro-expert.eu\/wp-content\/uploads\/2025\/10\/Zrzut-ekranu-2025-10-20-o-09.51.25-600x507.png 600w\" sizes=\"(max-width: 674px) 100vw, 674px\" \/><\/p>\n<h4><strong>Kluczowe cechy:<\/strong><\/h4>\n<ul>\n<li>na wszystkie stanowiska, tak\u017ce gleby ci\u0119\u017ckie<\/li>\n<li>\u015bwietna stabilno\u015b\u0107 ro\u015blin<\/li>\n<li>wysoki plon suchej masy<\/li>\n<li>doskona\u0142a strawno\u015b\u0107<img decoding=\"async\" class=\"aligncenter wp-image-1120 \" src=\"https:\/\/agro-expert.eu\/wp-content\/uploads\/2025\/10\/Zrzut-ekranu-2025-10-20-o-09.51.31.png\" alt=\"\" width=\"763\" height=\"555\" srcset=\"https:\/\/agro-expert.eu\/wp-content\/uploads\/2025\/10\/Zrzut-ekranu-2025-10-20-o-09.51.31.png 671w, https:\/\/agro-expert.eu\/wp-content\/uploads\/2025\/10\/Zrzut-ekranu-2025-10-20-o-09.51.31-300x218.png 300w, https:\/\/agro-expert.eu\/wp-content\/uploads\/2025\/10\/Zrzut-ekranu-2025-10-20-o-09.51.31-600x436.png 600w\" sizes=\"(max-width: 763px) 100vw, 763px\" \/><\/li>\n<\/ul>\n<h4><strong>Dost\u0119pno\u015b\u0107 poszczeg\u00f3lnych wariant\u00f3w zapraw:<\/strong><\/h4>\n<ul>\n<li>Cornguard Classic<\/li>\n<li>Cornguard + Korit<\/li>\n<\/ul>\n<p>&nbsp;<\/p>\n<p>&nbsp;<\/p>\n","protected":false},"excerpt":{"rendered":"<p>FARMARCAN (K240) to przede wszystkim bardzo dobry wigor pocz\u0105tkowy, \u015bwietna stabilno\u015b\u0107 ro\u015blin, wysoki plon suchej masy i bardzo dobra strawno\u015b\u0107. Te parametry sprawiaj\u0105, \u017ce to odmiana idealna na kiszonk\u0119 oraz biogaz. Du\u017cym jej atutem jest szeroka tolerancja doboru stanowis Kluczowe cechy: na wszystkie stanowiska, tak\u017ce gleby ci\u0119\u017ckie \u015bwietna stabilno\u015b\u0107 ro\u015blin wysoki plon suchej masy doskona\u0142a &#8230; <a title=\"Kukurydza FARMARCAN\" class=\"read-more\" href=\"https:\/\/agro-expert.eu\/?product=kukurydza-farmarcan\" aria-label=\"Read more about Kukurydza FARMARCAN\">Dowiedz si\u0119 wi\u0119cej<\/a><\/p>\n","protected":false},"featured_media":1119,"comment_status":"open","ping_status":"closed","template":"","meta":{"om_disable_all_campaigns":false,"_monsterinsights_skip_tracking":false,"_monsterinsights_sitenote_active":false,"_monsterinsights_sitenote_note":"","_monsterinsights_sitenote_category":0,"_uf_show_specific_survey":0,"_uf_disable_surveys":false},"product_brand":[],"product_cat":[23],"product_tag":[],"class_list":{"0":"post-1118","1":"product","2":"type-product","3":"status-publish","4":"has-post-thumbnail","6":"product_cat-kukurydza","8":"first","9":"instock","10":"taxable","11":"shipping-taxable","12":"purchasable","13":"product-type-simple"},"aioseo_notices":[],"jetpack_sharing_enabled":true,"_links":{"self":[{"href":"https:\/\/agro-expert.eu\/index.php?rest_route=\/wp\/v2\/product\/1118","targetHints":{"allow":["GET"]}}],"collection":[{"href":"https:\/\/agro-expert.eu\/index.php?rest_route=\/wp\/v2\/product"}],"about":[{"href":"https:\/\/agro-expert.eu\/index.php?rest_route=\/wp\/v2\/types\/product"}],"replies":[{"embeddable":true,"href":"https:\/\/agro-expert.eu\/index.php?rest_route=%2Fwp%2Fv2%2Fcomments&post=1118"}],"wp:featuredmedia":[{"embeddable":true,"href":"https:\/\/agro-expert.eu\/index.php?rest_route=\/wp\/v2\/media\/1119"}],"wp:attachment":[{"href":"https:\/\/agro-expert.eu\/index.php?rest_route=%2Fwp%2Fv2%2Fmedia&parent=1118"}],"wp:term":[{"taxonomy":"product_brand","embeddable":true,"href":"https:\/\/agro-expert.eu\/index.php?rest_route=%2Fwp%2Fv2%2Fproduct_brand&post=1118"},{"taxonomy":"product_cat","embeddable":true,"href":"https:\/\/agro-expert.eu\/index.php?rest_route=%2Fwp%2Fv2%2Fproduct_cat&post=1118"},{"taxonomy":"product_tag","embeddable":true,"href":"https:\/\/agro-expert.eu\/index.php?rest_route=%2Fwp%2Fv2%2Fproduct_tag&post=1118"}],"curies":[{"name":"wp","href":"https:\/\/api.w.org\/{rel}","templated":true}]}}