{"id":454,"date":"2024-11-30T11:00:09","date_gmt":"2024-11-30T10:00:09","guid":{"rendered":"https:\/\/agro-expert.eu\/?post_type=product&#038;p=454"},"modified":"2026-01-30T18:00:30","modified_gmt":"2026-01-30T17:00:30","slug":"kukurydza","status":"publish","type":"product","link":"https:\/\/agro-expert.eu\/?product=kukurydza","title":{"rendered":"Kukurydza FARMAXUS"},"content":{"rendered":"<p><strong>FARMAXUS (K 220\/ Z 210)<\/strong> to jedna z nowszych propozycji w naszej ofercie. Jest uniwersalna pod wzgl\u0119dem kierunku u\u017cytkowania i doskonale sprawdza si\u0119 na s\u0142abszych stanowiskach. Charakteryzuje si\u0119 ro\u015blinami o \u015brednim pokroju z dobrym wigorem pocz\u0105tkowym oraz wysok\u0105 koncentracj\u0105 energii w po\u0142\u0105czeniu z dobrze wywa\u017con\u0105 zawarto\u015bci\u0105 skrobi. Wczesne zbiory umo\u017cliwiaj\u0105 bezproblemow\u0105 upraw\u0119 ro\u015blin nast\u0119pczych.<img fetchpriority=\"high\" decoding=\"async\" class=\"aligncenter wp-image-460 size-large\" src=\"https:\/\/agro-expert.eu\/wp-content\/uploads\/2024\/11\/Zrzut-ekranu-2024-12-3-o-09.49.36-1024x706.png\" alt=\"Farmaxus\" width=\"1024\" height=\"706\" srcset=\"https:\/\/agro-expert.eu\/wp-content\/uploads\/2024\/11\/Zrzut-ekranu-2024-12-3-o-09.49.36-1024x706.png 1024w, https:\/\/agro-expert.eu\/wp-content\/uploads\/2024\/11\/Zrzut-ekranu-2024-12-3-o-09.49.36-300x207.png 300w, https:\/\/agro-expert.eu\/wp-content\/uploads\/2024\/11\/Zrzut-ekranu-2024-12-3-o-09.49.36-768x529.png 768w, https:\/\/agro-expert.eu\/wp-content\/uploads\/2024\/11\/Zrzut-ekranu-2024-12-3-o-09.49.36-600x413.png 600w, https:\/\/agro-expert.eu\/wp-content\/uploads\/2024\/11\/Zrzut-ekranu-2024-12-3-o-09.49.36.png 1106w\" sizes=\"(max-width: 1024px) 100vw, 1024px\" \/><\/p>\n<h4><strong>Kluczowe cechy:<\/strong><\/h4>\n<ul>\n<li>\u015awietny rozw\u00f3j pocz\u0105tkowy<\/li>\n<li>Dobra tolerancja s\u0142abszych stanowisk przy uprawie na kiszonk\u0119<\/li>\n<li>Wysoka odporno\u015b\u0107 na g\u0142owni\u0119 oraz fuzarioz\u0119 \u0142odyg<\/li>\n<li>Wywa\u017cona koncentracja energii i zawarto\u015bci skrobi<\/li>\n<\/ul>\n<p><img decoding=\"async\" class=\"aligncenter wp-image-462 size-full\" src=\"https:\/\/agro-expert.eu\/wp-content\/uploads\/2024\/11\/Zrzut-ekranu-2024-12-3-o-09.55.26.png\" alt=\"\" width=\"2278\" height=\"1404\" srcset=\"https:\/\/agro-expert.eu\/wp-content\/uploads\/2024\/11\/Zrzut-ekranu-2024-12-3-o-09.55.26.png 2278w, https:\/\/agro-expert.eu\/wp-content\/uploads\/2024\/11\/Zrzut-ekranu-2024-12-3-o-09.55.26-300x185.png 300w, https:\/\/agro-expert.eu\/wp-content\/uploads\/2024\/11\/Zrzut-ekranu-2024-12-3-o-09.55.26-1024x631.png 1024w, https:\/\/agro-expert.eu\/wp-content\/uploads\/2024\/11\/Zrzut-ekranu-2024-12-3-o-09.55.26-768x473.png 768w, https:\/\/agro-expert.eu\/wp-content\/uploads\/2024\/11\/Zrzut-ekranu-2024-12-3-o-09.55.26-1536x947.png 1536w, https:\/\/agro-expert.eu\/wp-content\/uploads\/2024\/11\/Zrzut-ekranu-2024-12-3-o-09.55.26-2048x1262.png 2048w, https:\/\/agro-expert.eu\/wp-content\/uploads\/2024\/11\/Zrzut-ekranu-2024-12-3-o-09.55.26-600x370.png 600w\" sizes=\"(max-width: 2278px) 100vw, 2278px\" \/><\/p>\n<h4><strong>Dost\u0119pno\u015b\u0107 poszczeg\u00f3lnych wariant\u00f3w zapraw:<\/strong><\/h4>\n<ul>\n<li>Cornguard Powergrow (Standard)<\/li>\n<li>Cornguard + Korit<\/li>\n<\/ul>\n<p>&nbsp;<\/p>\n","protected":false},"excerpt":{"rendered":"<p>FARMAXUS (K 220\/ Z 210) to jedna z nowszych propozycji w naszej ofercie. Jest uniwersalna pod wzgl\u0119dem kierunku u\u017cytkowania i doskonale sprawdza si\u0119 na s\u0142abszych stanowiskach. Charakteryzuje si\u0119 ro\u015blinami o \u015brednim pokroju z dobrym wigorem pocz\u0105tkowym oraz wysok\u0105 koncentracj\u0105 energii w po\u0142\u0105czeniu z dobrze wywa\u017con\u0105 zawarto\u015bci\u0105 skrobi. Wczesne zbiory umo\u017cliwiaj\u0105 bezproblemow\u0105 upraw\u0119 ro\u015blin nast\u0119pczych. Kluczowe &#8230; <a title=\"Kukurydza FARMAXUS\" class=\"read-more\" href=\"https:\/\/agro-expert.eu\/?product=kukurydza\" aria-label=\"Read more about Kukurydza FARMAXUS\">Dowiedz si\u0119 wi\u0119cej<\/a><\/p>\n","protected":false},"featured_media":460,"comment_status":"open","ping_status":"closed","template":"","meta":{"om_disable_all_campaigns":false,"_monsterinsights_skip_tracking":false,"_monsterinsights_sitenote_active":false,"_monsterinsights_sitenote_note":"","_monsterinsights_sitenote_category":0,"_uf_show_specific_survey":0,"_uf_disable_surveys":false},"product_brand":[],"product_cat":[23],"product_tag":[],"class_list":{"0":"post-454","1":"product","2":"type-product","3":"status-publish","4":"has-post-thumbnail","6":"product_cat-kukurydza","8":"first","9":"instock","10":"taxable","11":"shipping-taxable","12":"purchasable","13":"product-type-simple"},"aioseo_notices":[],"jetpack_sharing_enabled":true,"_links":{"self":[{"href":"https:\/\/agro-expert.eu\/index.php?rest_route=\/wp\/v2\/product\/454","targetHints":{"allow":["GET"]}}],"collection":[{"href":"https:\/\/agro-expert.eu\/index.php?rest_route=\/wp\/v2\/product"}],"about":[{"href":"https:\/\/agro-expert.eu\/index.php?rest_route=\/wp\/v2\/types\/product"}],"replies":[{"embeddable":true,"href":"https:\/\/agro-expert.eu\/index.php?rest_route=%2Fwp%2Fv2%2Fcomments&post=454"}],"wp:featuredmedia":[{"embeddable":true,"href":"https:\/\/agro-expert.eu\/index.php?rest_route=\/wp\/v2\/media\/460"}],"wp:attachment":[{"href":"https:\/\/agro-expert.eu\/index.php?rest_route=%2Fwp%2Fv2%2Fmedia&parent=454"}],"wp:term":[{"taxonomy":"product_brand","embeddable":true,"href":"https:\/\/agro-expert.eu\/index.php?rest_route=%2Fwp%2Fv2%2Fproduct_brand&post=454"},{"taxonomy":"product_cat","embeddable":true,"href":"https:\/\/agro-expert.eu\/index.php?rest_route=%2Fwp%2Fv2%2Fproduct_cat&post=454"},{"taxonomy":"product_tag","embeddable":true,"href":"https:\/\/agro-expert.eu\/index.php?rest_route=%2Fwp%2Fv2%2Fproduct_tag&post=454"}],"curies":[{"name":"wp","href":"https:\/\/api.w.org\/{rel}","templated":true}]}}