{"id":700,"date":"2024-12-04T11:56:41","date_gmt":"2024-12-04T10:56:41","guid":{"rendered":"https:\/\/agro-expert.eu\/?post_type=product&#038;p=700"},"modified":"2026-01-30T18:12:27","modified_gmt":"2026-01-30T17:12:27","slug":"kukurydza-farmazov","status":"publish","type":"product","link":"https:\/\/agro-expert.eu\/?product=kukurydza-farmazov","title":{"rendered":"Kukurydza FARMAZOV"},"content":{"rendered":"<p><strong>FARMAZOV (K 270\/Z 240)<\/strong> <img fetchpriority=\"high\" decoding=\"async\" class=\"aligncenter wp-image-97 size-full\" src=\"https:\/\/agro-expert.eu\/wp-content\/uploads\/2024\/10\/sweet-corn-2083529_1280.jpg\" alt=\"\" width=\"1280\" height=\"853\" srcset=\"https:\/\/agro-expert.eu\/wp-content\/uploads\/2024\/10\/sweet-corn-2083529_1280.jpg 1280w, https:\/\/agro-expert.eu\/wp-content\/uploads\/2024\/10\/sweet-corn-2083529_1280-300x200.jpg 300w, https:\/\/agro-expert.eu\/wp-content\/uploads\/2024\/10\/sweet-corn-2083529_1280-1024x682.jpg 1024w, https:\/\/agro-expert.eu\/wp-content\/uploads\/2024\/10\/sweet-corn-2083529_1280-768x512.jpg 768w, https:\/\/agro-expert.eu\/wp-content\/uploads\/2024\/10\/sweet-corn-2083529_1280-600x400.jpg 600w\" sizes=\"(max-width: 1280px) 100vw, 1280px\" \/><\/p>\n<p>&nbsp;<\/p>\n<h4><strong>Dost\u0119pno\u015b\u0107 poszczeg\u00f3lnych wariant\u00f3w zapraw:<\/strong><\/h4>\n<ul>\n<li>Cornguard Powergrow (Standard)<\/li>\n<\/ul>\n<p>&nbsp;<\/p>\n<p>&nbsp;<\/p>\n","protected":false},"excerpt":{"rendered":"<p>FARMAZOV (K 270\/Z 240) &nbsp; Dost\u0119pno\u015b\u0107 poszczeg\u00f3lnych wariant\u00f3w zapraw: Cornguard Powergrow (Standard) &nbsp; &nbsp;<\/p>\n","protected":false},"featured_media":97,"comment_status":"open","ping_status":"closed","template":"","meta":{"om_disable_all_campaigns":false,"_monsterinsights_skip_tracking":false,"_monsterinsights_sitenote_active":false,"_monsterinsights_sitenote_note":"","_monsterinsights_sitenote_category":0,"_uf_show_specific_survey":0,"_uf_disable_surveys":false},"product_brand":[],"product_cat":[23],"product_tag":[],"class_list":{"0":"post-700","1":"product","2":"type-product","3":"status-publish","4":"has-post-thumbnail","6":"product_cat-kukurydza","8":"first","9":"instock","10":"taxable","11":"shipping-taxable","12":"purchasable","13":"product-type-simple"},"aioseo_notices":[],"jetpack_sharing_enabled":true,"_links":{"self":[{"href":"https:\/\/agro-expert.eu\/index.php?rest_route=\/wp\/v2\/product\/700","targetHints":{"allow":["GET"]}}],"collection":[{"href":"https:\/\/agro-expert.eu\/index.php?rest_route=\/wp\/v2\/product"}],"about":[{"href":"https:\/\/agro-expert.eu\/index.php?rest_route=\/wp\/v2\/types\/product"}],"replies":[{"embeddable":true,"href":"https:\/\/agro-expert.eu\/index.php?rest_route=%2Fwp%2Fv2%2Fcomments&post=700"}],"wp:featuredmedia":[{"embeddable":true,"href":"https:\/\/agro-expert.eu\/index.php?rest_route=\/wp\/v2\/media\/97"}],"wp:attachment":[{"href":"https:\/\/agro-expert.eu\/index.php?rest_route=%2Fwp%2Fv2%2Fmedia&parent=700"}],"wp:term":[{"taxonomy":"product_brand","embeddable":true,"href":"https:\/\/agro-expert.eu\/index.php?rest_route=%2Fwp%2Fv2%2Fproduct_brand&post=700"},{"taxonomy":"product_cat","embeddable":true,"href":"https:\/\/agro-expert.eu\/index.php?rest_route=%2Fwp%2Fv2%2Fproduct_cat&post=700"},{"taxonomy":"product_tag","embeddable":true,"href":"https:\/\/agro-expert.eu\/index.php?rest_route=%2Fwp%2Fv2%2Fproduct_tag&post=700"}],"curies":[{"name":"wp","href":"https:\/\/api.w.org\/{rel}","templated":true}]}}