{"id":718,"date":"2024-12-05T10:30:40","date_gmt":"2024-12-05T09:30:40","guid":{"rendered":"https:\/\/agro-expert.eu\/?post_type=product&#038;p=718"},"modified":"2026-01-30T18:14:28","modified_gmt":"2026-01-30T17:14:28","slug":"kukurydza-farmueller-eko","status":"publish","type":"product","link":"https:\/\/agro-expert.eu\/?product=kukurydza-farmueller-eko","title":{"rendered":"Kukurydza FARMUELLER EKO"},"content":{"rendered":"<h4><strong>Kluczowe cechy:<\/strong><\/h4>\n<ul>\n<li>Wysoki plon ziarna oraz suchej masy<\/li>\n<li>W\u0142a\u015bciwie wywa\u017cona zawarto\u015b\u0107 skrobi<\/li>\n<li>Imponuj\u0105ca koncentracja energii<\/li>\n<li>Du\u017ce i kszta\u0142tne kolby z ziarnem o du\u017cej g\u0119sto\u015bci<\/li>\n<li>Wysoka stabilno\u015b\u0107 plonowania<\/li>\n<li>Bestseller<\/li>\n<\/ul>\n<p>&nbsp;<\/p>\n<p><img fetchpriority=\"high\" decoding=\"async\" class=\"aligncenter wp-image-719 size-full\" src=\"https:\/\/agro-expert.eu\/wp-content\/uploads\/2024\/12\/Zrzut-ekranu-2024-12-5-o-10.30.32.png\" alt=\"\" width=\"1210\" height=\"888\" srcset=\"https:\/\/agro-expert.eu\/wp-content\/uploads\/2024\/12\/Zrzut-ekranu-2024-12-5-o-10.30.32.png 1210w, https:\/\/agro-expert.eu\/wp-content\/uploads\/2024\/12\/Zrzut-ekranu-2024-12-5-o-10.30.32-300x220.png 300w, https:\/\/agro-expert.eu\/wp-content\/uploads\/2024\/12\/Zrzut-ekranu-2024-12-5-o-10.30.32-1024x751.png 1024w, https:\/\/agro-expert.eu\/wp-content\/uploads\/2024\/12\/Zrzut-ekranu-2024-12-5-o-10.30.32-768x564.png 768w, https:\/\/agro-expert.eu\/wp-content\/uploads\/2024\/12\/Zrzut-ekranu-2024-12-5-o-10.30.32-600x440.png 600w\" sizes=\"(max-width: 1210px) 100vw, 1210px\" \/><\/p>\n<h4><strong>Dost\u0119pno\u015b\u0107 poszczeg\u00f3lnych wariant\u00f3w zapraw:<\/strong><\/h4>\n<ul>\n<li>Bez zaprawy<\/li>\n<li>Cornguard Organic<\/li>\n<\/ul>\n<p>&nbsp;<\/p>\n<p>&nbsp;<\/p>\n","protected":false},"excerpt":{"rendered":"<p>Kluczowe cechy: Wysoki plon ziarna oraz suchej masy W\u0142a\u015bciwie wywa\u017cona zawarto\u015b\u0107 skrobi Imponuj\u0105ca koncentracja energii Du\u017ce i kszta\u0142tne kolby z ziarnem o du\u017cej g\u0119sto\u015bci Wysoka stabilno\u015b\u0107 plonowania Bestseller &nbsp; Dost\u0119pno\u015b\u0107 poszczeg\u00f3lnych wariant\u00f3w zapraw: Bez zaprawy Cornguard Organic &nbsp; &nbsp;<\/p>\n","protected":false},"featured_media":719,"comment_status":"open","ping_status":"closed","template":"","meta":{"om_disable_all_campaigns":false,"_monsterinsights_skip_tracking":false,"_monsterinsights_sitenote_active":false,"_monsterinsights_sitenote_note":"","_monsterinsights_sitenote_category":0,"_uf_show_specific_survey":0,"_uf_disable_surveys":false},"product_brand":[],"product_cat":[23],"product_tag":[],"class_list":{"0":"post-718","1":"product","2":"type-product","3":"status-publish","4":"has-post-thumbnail","6":"product_cat-kukurydza","8":"first","9":"instock","10":"taxable","11":"shipping-taxable","12":"purchasable","13":"product-type-simple"},"aioseo_notices":[],"jetpack_sharing_enabled":true,"_links":{"self":[{"href":"https:\/\/agro-expert.eu\/index.php?rest_route=\/wp\/v2\/product\/718","targetHints":{"allow":["GET"]}}],"collection":[{"href":"https:\/\/agro-expert.eu\/index.php?rest_route=\/wp\/v2\/product"}],"about":[{"href":"https:\/\/agro-expert.eu\/index.php?rest_route=\/wp\/v2\/types\/product"}],"replies":[{"embeddable":true,"href":"https:\/\/agro-expert.eu\/index.php?rest_route=%2Fwp%2Fv2%2Fcomments&post=718"}],"wp:featuredmedia":[{"embeddable":true,"href":"https:\/\/agro-expert.eu\/index.php?rest_route=\/wp\/v2\/media\/719"}],"wp:attachment":[{"href":"https:\/\/agro-expert.eu\/index.php?rest_route=%2Fwp%2Fv2%2Fmedia&parent=718"}],"wp:term":[{"taxonomy":"product_brand","embeddable":true,"href":"https:\/\/agro-expert.eu\/index.php?rest_route=%2Fwp%2Fv2%2Fproduct_brand&post=718"},{"taxonomy":"product_cat","embeddable":true,"href":"https:\/\/agro-expert.eu\/index.php?rest_route=%2Fwp%2Fv2%2Fproduct_cat&post=718"},{"taxonomy":"product_tag","embeddable":true,"href":"https:\/\/agro-expert.eu\/index.php?rest_route=%2Fwp%2Fv2%2Fproduct_tag&post=718"}],"curies":[{"name":"wp","href":"https:\/\/api.w.org\/{rel}","templated":true}]}}