{"id":742,"date":"2025-01-03T16:03:10","date_gmt":"2025-01-03T15:03:10","guid":{"rendered":"https:\/\/agro-expert.eu\/?post_type=product&#038;p=742"},"modified":"2025-04-28T15:43:40","modified_gmt":"2025-04-28T13:43:40","slug":"soja-obelix","status":"publish","type":"product","link":"https:\/\/agro-expert.eu\/?product=soja-obelix","title":{"rendered":"Soja OBELIX"},"content":{"rendered":"<p><strong>OBELIX<\/strong> wprost tryska moc\u0105. Ro\u015bnie szybko i jest odporna na wyleganie. Zachwyca niezwykle dorodnymi ziarniakami, dok\u0142adnie takimi jakich oczekuje si\u0119 od odmiany o takiej nazwie. Badania PDO COBORU w 2022 r. wykaza\u0142y, \u017ce OBELIX mia\u0142 najwy\u017csz\u0105 spo\u015br\u00f3d badanych odmian odporno\u015b\u0107 na bakteryjn\u0105 ospowato\u015b\u0107 i purpurow\u0105 cerkosporioz\u0119, a tak\u017ce najgrubszymi nasionami. Odmiana tak\u017ce wykaza\u0142a nisk\u0105 reakcj\u0119 na susz\u0119.<img fetchpriority=\"high\" decoding=\"async\" class=\"aligncenter wp-image-743 size-full\" src=\"https:\/\/agro-expert.eu\/wp-content\/uploads\/2025\/01\/Zrzut-ekranu-2025-01-3-o-16.03.31.png\" alt=\"\" width=\"1878\" height=\"1470\" srcset=\"https:\/\/agro-expert.eu\/wp-content\/uploads\/2025\/01\/Zrzut-ekranu-2025-01-3-o-16.03.31.png 1878w, https:\/\/agro-expert.eu\/wp-content\/uploads\/2025\/01\/Zrzut-ekranu-2025-01-3-o-16.03.31-300x235.png 300w, https:\/\/agro-expert.eu\/wp-content\/uploads\/2025\/01\/Zrzut-ekranu-2025-01-3-o-16.03.31-1024x802.png 1024w, https:\/\/agro-expert.eu\/wp-content\/uploads\/2025\/01\/Zrzut-ekranu-2025-01-3-o-16.03.31-768x601.png 768w, https:\/\/agro-expert.eu\/wp-content\/uploads\/2025\/01\/Zrzut-ekranu-2025-01-3-o-16.03.31-1536x1202.png 1536w, https:\/\/agro-expert.eu\/wp-content\/uploads\/2025\/01\/Zrzut-ekranu-2025-01-3-o-16.03.31-600x470.png 600w\" sizes=\"(max-width: 1878px) 100vw, 1878px\" \/><\/p>\n<p>&nbsp;<\/p>\n<p>&nbsp;<\/p>\n<p>&nbsp;<\/p>\n","protected":false},"excerpt":{"rendered":"<p>OBELIX wprost tryska moc\u0105. Ro\u015bnie szybko i jest odporna na wyleganie. Zachwyca niezwykle dorodnymi ziarniakami, dok\u0142adnie takimi jakich oczekuje si\u0119 od odmiany o takiej nazwie. Badania PDO COBORU w 2022 r. wykaza\u0142y, \u017ce OBELIX mia\u0142 najwy\u017csz\u0105 spo\u015br\u00f3d badanych odmian odporno\u015b\u0107 na bakteryjn\u0105 ospowato\u015b\u0107 i purpurow\u0105 cerkosporioz\u0119, a tak\u017ce najgrubszymi nasionami. Odmiana tak\u017ce wykaza\u0142a nisk\u0105 reakcj\u0119 &#8230; <a title=\"Soja OBELIX\" class=\"read-more\" href=\"https:\/\/agro-expert.eu\/?product=soja-obelix\" aria-label=\"Read more about Soja OBELIX\">Dowiedz si\u0119 wi\u0119cej<\/a><\/p>\n","protected":false},"featured_media":746,"comment_status":"open","ping_status":"closed","template":"","meta":{"om_disable_all_campaigns":false,"_monsterinsights_skip_tracking":false,"_monsterinsights_sitenote_active":false,"_monsterinsights_sitenote_note":"","_monsterinsights_sitenote_category":0,"_uf_show_specific_survey":0,"_uf_disable_surveys":false},"product_brand":[],"product_cat":[24],"product_tag":[25],"class_list":{"0":"post-742","1":"product","2":"type-product","3":"status-publish","4":"has-post-thumbnail","6":"product_cat-soja","7":"product_tag-soja","9":"first","10":"outofstock","11":"taxable","12":"shipping-taxable","13":"purchasable","14":"product-type-simple"},"aioseo_notices":[],"jetpack_sharing_enabled":true,"_links":{"self":[{"href":"https:\/\/agro-expert.eu\/index.php?rest_route=\/wp\/v2\/product\/742","targetHints":{"allow":["GET"]}}],"collection":[{"href":"https:\/\/agro-expert.eu\/index.php?rest_route=\/wp\/v2\/product"}],"about":[{"href":"https:\/\/agro-expert.eu\/index.php?rest_route=\/wp\/v2\/types\/product"}],"replies":[{"embeddable":true,"href":"https:\/\/agro-expert.eu\/index.php?rest_route=%2Fwp%2Fv2%2Fcomments&post=742"}],"wp:featuredmedia":[{"embeddable":true,"href":"https:\/\/agro-expert.eu\/index.php?rest_route=\/wp\/v2\/media\/746"}],"wp:attachment":[{"href":"https:\/\/agro-expert.eu\/index.php?rest_route=%2Fwp%2Fv2%2Fmedia&parent=742"}],"wp:term":[{"taxonomy":"product_brand","embeddable":true,"href":"https:\/\/agro-expert.eu\/index.php?rest_route=%2Fwp%2Fv2%2Fproduct_brand&post=742"},{"taxonomy":"product_cat","embeddable":true,"href":"https:\/\/agro-expert.eu\/index.php?rest_route=%2Fwp%2Fv2%2Fproduct_cat&post=742"},{"taxonomy":"product_tag","embeddable":true,"href":"https:\/\/agro-expert.eu\/index.php?rest_route=%2Fwp%2Fv2%2Fproduct_tag&post=742"}],"curies":[{"name":"wp","href":"https:\/\/api.w.org\/{rel}","templated":true}]}}