{"id":872,"date":"2025-06-09T10:13:28","date_gmt":"2025-06-09T08:13:28","guid":{"rendered":"https:\/\/agro-expert.eu\/?post_type=product&#038;p=872"},"modified":"2025-07-03T15:55:08","modified_gmt":"2025-07-03T13:55:08","slug":"naturalny-plon-xm-20l-biostymulator","status":"publish","type":"product","link":"https:\/\/agro-expert.eu\/?product=naturalny-plon-xm-20l-biostymulator","title":{"rendered":"Naturalny Plon XM- 20L (Biostymulator)"},"content":{"rendered":"<div class=\"et_pb_module et_pb_image et_pb_image_0\"><\/div>\n<div class=\"et_pb_module et_pb_text et_pb_text_0 et_pb_text_align_left et_pb_bg_layout_light\">\n<div class=\"et_pb_text_inner\">\n<h1 id=\"headline-8-55\" class=\"ct-headline oxy-stymulatory\"><strong>Naturalny Plon XM(forma p\u0142ynna)<\/strong><\/h1>\n<h2 id=\"headline-9-55\" class=\"ct-headline\">Biostymulator<\/h2>\n<div id=\"text_block-10-55\" class=\"ct-text-block\">Naturalny Plon to \u015brodek wspomagaj\u0105cy upraw\u0119 ro\u015blin, kt\u00f3ry dora\u017anie wp\u0142ywa na regeneracj\u0119 ro\u015blin po uszkodzeniach chemi\u0105, gradobiciem, mrozami i susz\u0105. Ten innowacyjny biostymulator jest absolutnie unikalny pod wzgl\u0119dem sk\u0142adu, kt\u00f3ry \u0142\u0105czy w sobie pe\u0142ne spektrum aminokwas\u00f3w, algi morskie Ascophyllum nodosum oraz substancje humusowe najnowszej generacji. To absolutny prze\u0142om w agrotechnice \u2013 produkt, kt\u00f3ry natychmiast wch\u0142ania si\u0119 do ro\u015bliny i b\u0142yskawicznie na ni\u0105 oddzia\u0142uje.<\/div>\n<p><img fetchpriority=\"high\" decoding=\"async\" class=\"aligncenter wp-image-856 size-full\" src=\"https:\/\/agro-expert.eu\/wp-content\/uploads\/2025\/06\/Zrzut-ekranu-2025-06-9-o-09.52.44.png\" alt=\"\" width=\"1464\" height=\"348\" srcset=\"https:\/\/agro-expert.eu\/wp-content\/uploads\/2025\/06\/Zrzut-ekranu-2025-06-9-o-09.52.44.png 1464w, https:\/\/agro-expert.eu\/wp-content\/uploads\/2025\/06\/Zrzut-ekranu-2025-06-9-o-09.52.44-300x71.png 300w, https:\/\/agro-expert.eu\/wp-content\/uploads\/2025\/06\/Zrzut-ekranu-2025-06-9-o-09.52.44-1024x243.png 1024w, https:\/\/agro-expert.eu\/wp-content\/uploads\/2025\/06\/Zrzut-ekranu-2025-06-9-o-09.52.44-768x183.png 768w, https:\/\/agro-expert.eu\/wp-content\/uploads\/2025\/06\/Zrzut-ekranu-2025-06-9-o-09.52.44-600x143.png 600w\" sizes=\"(max-width: 1464px) 100vw, 1464px\" \/><\/p>\n<p><strong>DZIA\u0141ANIE:<\/strong><\/p>\n<p>Naturalny Plon to preparat, kt\u00f3ry znajduje szerokie zastosowanie agrotechniczne. Mo\u017cna go u\u017cywa\u0107 w uprawach rolniczych, warzywnictwie i sadownictwie. Sprawdzi si\u0119 tak\u017ce w uprawie ro\u015blin ozdobnych oraz zi\u00f3\u0142. Ten unikatowy preparat, kt\u00f3ry ma w sobie algi morskie, aminokwasy oraz substancje humusowe najnowszej generacji, skutecznie wspomaga uprawy i ma pozytywny wp\u0142yw na ro\u015bliny. Dzia\u0142a w spos\u00f3b kompleksowy, wspomagaj\u0105c tworzenie strefy w\u0142o\u015bnikowej korzeni oraz indukuj\u0105c wytwarzanie rozga\u0142\u0119zie\u0144 bocznych. W rezultacie dochodzi do zwi\u0119kszonego wykorzystania wody i nawozu z gleby, dzi\u0119ki czemu plon jest bardziej jako\u015bciowy. Regularne stosowanie przyczynia si\u0119 tak\u017ce do wyra\u017anej poprawy wydajno\u015bci plonu.<\/p>\n<p>Biostymulator z algami morskimi wykazuje dzia\u0142anie regeneruj\u0105ce, dlatego mo\u017ce by\u0107 stosowany przy uprawie ro\u015blin, kt\u00f3re uleg\u0142y uszkodzeniu wskutek dzia\u0142ania herbicyd\u00f3w oraz innych czynnik\u00f3w zewn\u0119trznych, takich jak opady atmosferyczne, susza czy skrajnie niskie temperatury. Zawarte w preparacie\u00a0<b>algi morskie<\/b>\u00a0dodatkowo zwi\u0119kszaj\u0105 odporno\u015b\u0107 ro\u015blin na stres.<\/p>\n<p>Wszystkie sk\u0142adniki biostymulatora s\u0105 w pe\u0142ni naturalne i pochodz\u0105 od ro\u015blin, dlatego te\u017c mog\u0105 by\u0107 b\u0142yskawicznie i \u0142atwo zaabsorbowane. Zr\u00f3wnowa\u017cony i innowacyjny sk\u0142ad gwarantuje efektywne i d\u0142ugotrwa\u0142e dzia\u0142anie. Dob\u00f3r sk\u0142adnik\u00f3w jest g\u0142\u0119boko przemy\u015blany \u2014 poszczeg\u00f3lne substancje dzia\u0142aj\u0105 synergicznie, co oznacza, \u017ce wspieraj\u0105 si\u0119 nawzajem i dope\u0142niaj\u0105 swoje dzia\u0142anie. Wszystkie substancje, kt\u00f3re wchodz\u0105 w sk\u0142ad biostymulatora Naturalny Plon spe\u0142niaj\u0105 okre\u015blone funkcje i pe\u0142ni\u0105 istotn\u0105 rol\u0119 w procesach \u017cyciowych ro\u015blin. Dzi\u0119ki nim uprawy maj\u0105 wi\u0119kszy potencja\u0142 wzrostu i rozwoju, a plon jest wysoki i jako\u015bciowy.<\/p>\n<p><strong style=\"font-size: inherit; font-family: -apple-system, system-ui, BlinkMacSystemFont, 'Segoe UI', Helvetica, Arial, sans-serif, 'Apple Color Emoji', 'Segoe UI Emoji', 'Segoe UI Symbol';\">SK\u0141AD:\u00a0<\/strong><\/p>\n<\/div>\n<div class=\"et_pb_text_inner\">\n<section id=\"section-50-47\" class=\" ct-section oxy-margin-bottom\">\n<div class=\"ct-section-inner-wrap\">\n<div id=\"_tabs_contents-60-47\" class=\"oxy-tabs-contents-wrapper oxy-tabs-contents\">\n<div id=\"_tab_content-64-47\" class=\"oxy-tab-content tabs-contents-2212-tab\">\n<div id=\"div_block-65-47\" class=\"ct-div-block\">\n<div id=\"_rich_text-66-47\" class=\"oxy-rich-text\">\n<p>50% ekstrakt z alg morskich (aminokwasy \u2013 pe\u0142ne spektrum), kwas alginowy, jod, mannitol, fitoaleksyny, laminaryna oraz poliaminy. 50% kwasy humusowe najnowszej generacji pochodz\u0105ce z przetworzonej ligniny, a nie leonardyt\u00f3w.<\/p>\n<\/div>\n<\/div>\n<\/div>\n<\/div>\n<\/div>\n<\/section>\n<section id=\"section-1383-47\" class=\" ct-section oxy-margin-bottom\">\n<div class=\"ct-section-inner-wrap\"><strong>Dawkowanie:\u00a0<\/strong><\/div>\n<div><img decoding=\"async\" class=\"aligncenter wp-image-868 size-full\" src=\"https:\/\/agro-expert.eu\/wp-content\/uploads\/2025\/06\/Zrzut-ekranu-2025-06-9-o-10.10.37.png\" alt=\"\" width=\"1103\" height=\"357\" srcset=\"https:\/\/agro-expert.eu\/wp-content\/uploads\/2025\/06\/Zrzut-ekranu-2025-06-9-o-10.10.37.png 1103w, https:\/\/agro-expert.eu\/wp-content\/uploads\/2025\/06\/Zrzut-ekranu-2025-06-9-o-10.10.37-300x97.png 300w, https:\/\/agro-expert.eu\/wp-content\/uploads\/2025\/06\/Zrzut-ekranu-2025-06-9-o-10.10.37-1024x331.png 1024w, https:\/\/agro-expert.eu\/wp-content\/uploads\/2025\/06\/Zrzut-ekranu-2025-06-9-o-10.10.37-768x249.png 768w, https:\/\/agro-expert.eu\/wp-content\/uploads\/2025\/06\/Zrzut-ekranu-2025-06-9-o-10.10.37-600x194.png 600w\" sizes=\"(max-width: 1103px) 100vw, 1103px\" \/><\/div>\n<div><\/div>\n<\/section>\n<\/div>\n<\/div>\n","protected":false},"excerpt":{"rendered":"<p>Naturalny Plon XM(forma p\u0142ynna) Biostymulator Naturalny Plon to \u015brodek wspomagaj\u0105cy upraw\u0119 ro\u015blin, kt\u00f3ry dora\u017anie wp\u0142ywa na regeneracj\u0119 ro\u015blin po uszkodzeniach chemi\u0105, gradobiciem, mrozami i susz\u0105. Ten innowacyjny biostymulator jest absolutnie unikalny pod wzgl\u0119dem sk\u0142adu, kt\u00f3ry \u0142\u0105czy w sobie pe\u0142ne spektrum aminokwas\u00f3w, algi morskie Ascophyllum nodosum oraz substancje humusowe najnowszej generacji. To absolutny prze\u0142om w agrotechnice &#8230; <a title=\"Naturalny Plon XM- 20L (Biostymulator)\" class=\"read-more\" href=\"https:\/\/agro-expert.eu\/?product=naturalny-plon-xm-20l-biostymulator\" aria-label=\"Read more about Naturalny Plon XM- 20L (Biostymulator)\">Dowiedz si\u0119 wi\u0119cej<\/a><\/p>\n","protected":false},"featured_media":873,"comment_status":"open","ping_status":"closed","template":"","meta":{"om_disable_all_campaigns":false,"_monsterinsights_skip_tracking":false,"_monsterinsights_sitenote_active":false,"_monsterinsights_sitenote_note":"","_monsterinsights_sitenote_category":0,"_uf_show_specific_survey":0,"_uf_disable_surveys":false},"product_brand":[],"product_cat":[45,46],"product_tag":[],"class_list":{"0":"post-872","1":"product","2":"type-product","3":"status-publish","4":"has-post-thumbnail","6":"product_cat-agrarius","7":"product_cat-stymulatory-agrarius","9":"first","10":"instock","11":"taxable","12":"shipping-taxable","13":"purchasable","14":"product-type-simple"},"aioseo_notices":[],"jetpack_sharing_enabled":true,"_links":{"self":[{"href":"https:\/\/agro-expert.eu\/index.php?rest_route=\/wp\/v2\/product\/872","targetHints":{"allow":["GET"]}}],"collection":[{"href":"https:\/\/agro-expert.eu\/index.php?rest_route=\/wp\/v2\/product"}],"about":[{"href":"https:\/\/agro-expert.eu\/index.php?rest_route=\/wp\/v2\/types\/product"}],"replies":[{"embeddable":true,"href":"https:\/\/agro-expert.eu\/index.php?rest_route=%2Fwp%2Fv2%2Fcomments&post=872"}],"wp:featuredmedia":[{"embeddable":true,"href":"https:\/\/agro-expert.eu\/index.php?rest_route=\/wp\/v2\/media\/873"}],"wp:attachment":[{"href":"https:\/\/agro-expert.eu\/index.php?rest_route=%2Fwp%2Fv2%2Fmedia&parent=872"}],"wp:term":[{"taxonomy":"product_brand","embeddable":true,"href":"https:\/\/agro-expert.eu\/index.php?rest_route=%2Fwp%2Fv2%2Fproduct_brand&post=872"},{"taxonomy":"product_cat","embeddable":true,"href":"https:\/\/agro-expert.eu\/index.php?rest_route=%2Fwp%2Fv2%2Fproduct_cat&post=872"},{"taxonomy":"product_tag","embeddable":true,"href":"https:\/\/agro-expert.eu\/index.php?rest_route=%2Fwp%2Fv2%2Fproduct_tag&post=872"}],"curies":[{"name":"wp","href":"https:\/\/api.w.org\/{rel}","templated":true}]}}