{"id":897,"date":"2025-06-09T14:05:21","date_gmt":"2025-06-09T12:05:21","guid":{"rendered":"https:\/\/agro-expert.eu\/?post_type=product&#038;p=897"},"modified":"2025-07-03T15:54:10","modified_gmt":"2025-07-03T13:54:10","slug":"soler-fruit-5l-nawoz-do-krzewow-i-drzew-owocowych-kopia","status":"publish","type":"product","link":"https:\/\/agro-expert.eu\/?product=soler-fruit-5l-nawoz-do-krzewow-i-drzew-owocowych-kopia","title":{"rendered":"SOLER  Fruit &#8211; 5L (Naw\u00f3z do krzew\u00f3w i drzew owocowych) (Kopia)"},"content":{"rendered":"<div class=\"et_pb_module et_pb_image et_pb_image_0\"><\/div>\n<div class=\"et_pb_module et_pb_text et_pb_text_0 et_pb_text_align_left et_pb_bg_layout_light\">\n<div class=\"et_pb_text_inner\">\n<h1 id=\"headline-8-83\" class=\"ct-headline oxy-nawozy\"><strong>SOLER\u00a0 Fruit<\/strong><\/h1>\n<h2 id=\"headline-9-83\" class=\"ct-headline\">Naw\u00f3z do krzew\u00f3w i drzew owocowych<\/h2>\n<div id=\"text_block-10-83\" class=\"ct-text-block\">\u017belowy naw\u00f3z mikroelementowy, specjalnie opracowany z my\u015bl\u0105 o drzewach i krzewach owocowych oraz truskawkach, stanowi innowacyjny i efektywny produkt charakteryzuj\u0105cy si\u0119 wysok\u0105 zawarto\u015bci\u0105 siarki i miedzi systemicznej. Mikroelementy w nawozie SOLER Fruit zapewniaj\u0105 uprawom krzew\u00f3w i drzew owocowych wzmocnienie, zdrowy rozw\u00f3j, odpowiedni\u0105 fitosanitarno\u015b\u0107 oraz stymulacj\u0119. Siarka i \u0142atwo przyswajalna forma miedzi systemicznej wzmacniaj\u0105 odporno\u015b\u0107 ro\u015blin na infekcje grzybicze i bakteryjne, Zaawansowane technologie opracowania produktu SILEVEL\u2122 oraz QM6\u2122 s\u0105 pewnikiem efektywno\u015bci nawozu.<\/div>\n<p><img fetchpriority=\"high\" decoding=\"async\" class=\"aligncenter wp-image-893 size-full\" src=\"https:\/\/agro-expert.eu\/wp-content\/uploads\/2025\/06\/Zrzut-ekranu-2025-06-9-o-14.01.47.png\" alt=\"\" width=\"1175\" height=\"297\" srcset=\"https:\/\/agro-expert.eu\/wp-content\/uploads\/2025\/06\/Zrzut-ekranu-2025-06-9-o-14.01.47.png 1175w, https:\/\/agro-expert.eu\/wp-content\/uploads\/2025\/06\/Zrzut-ekranu-2025-06-9-o-14.01.47-300x76.png 300w, https:\/\/agro-expert.eu\/wp-content\/uploads\/2025\/06\/Zrzut-ekranu-2025-06-9-o-14.01.47-1024x259.png 1024w, https:\/\/agro-expert.eu\/wp-content\/uploads\/2025\/06\/Zrzut-ekranu-2025-06-9-o-14.01.47-768x194.png 768w, https:\/\/agro-expert.eu\/wp-content\/uploads\/2025\/06\/Zrzut-ekranu-2025-06-9-o-14.01.47-600x152.png 600w\" sizes=\"(max-width: 1175px) 100vw, 1175px\" \/><\/p>\n<p><strong>DZIA\u0141ANIE:<\/strong><\/p>\n<p>Naw\u00f3z\u00a0<b>SOLER Fruit<\/b>\u00a0do krzew\u00f3w i drzew owocowych jest szczeg\u00f3lnie polecany do upraw drzew ziarnkowych i pestkowych takich jak jab\u0142onie, morele, grusze, pigwy, brzoskwinie, \u015bliwy czy czere\u015bnie. Zaleca si\u0119 r\u00f3wnie\u017c stosowanie nawozu w uprawach krzew\u00f3w owocowych takich jak porzeczka, agrest, aronia, bor\u00f3wka ameryka\u0144ska, jagoda kamczacka, malina oraz truskawka. Ka\u017cda uprawa ma swoje wymagania w mikroelementy \u2013 najwa\u017cniejszymi w uprawie krzew\u00f3w i drzew owocowych s\u0105 mied\u017a (Cu), bor (B), cynk (Zn) oraz mangan (Mn) i molibden (Mo). Mied\u017a oraz molibden wspomagaj\u0105 absorbcj\u0119 azotu z atmosfery i wp\u0142ywaj\u0105 na prawid\u0142owy rozw\u00f3j ro\u015blin. Bor jest kluczowy dla owocowania, za\u015b cynk jest niezb\u0119dny do syntezy hormon\u00f3w ro\u015blinnych oraz metabolizmu bia\u0142ka. Mangan z kolei wspiera proces fotosyntezy i tworzenie chlorofilu. Wszystkie wa\u017cne mikroelementy tych upraw zosta\u0142y wplecione w sk\u0142ad nawozu do krzew\u00f3w i drzew owocowych\u00a0<b>SOLER Fruit<\/b>.<\/p>\n<p>Dzi\u0119ki zastosowaniu technologii SILEVEL\u2122, hydro\u017cele stworzone na bazie krzemu tworz\u0105 specjalne obszary zwane \u201ekieszeniami\u201d lub \u201eprzestrzeniami mi\u0119dzy pakietowymi\u201d, w kt\u00f3rych przetrzymywane s\u0105 sk\u0142adniki od\u017cywcze. Po kontakcie z ro\u015blin\u0105, uwalnianie tych substancji zachodzi stopniowo i skutecznie, co przed\u0142u\u017ca ich dost\u0119pno\u015b\u0107 dla ro\u015blin. Naw\u00f3z SOLER\u00a0<b>Fruit\u00a0<\/b>przeznaczony dla krzew\u00f3w i drzew owocowych posiada w\u0142a\u015bciwo\u015bci higroskopijne, co zapewnia mu odporno\u015b\u0107 na wysychanie. Higroskopijno\u015b\u0107 sprawia, \u017ce naw\u00f3z \u0142atwo absorbuje wilgo\u0107, umo\u017cliwiaj\u0105c mu d\u0142ugotrwa\u0142e przyleganie do ro\u015blin nawet podczas deszczu. To gwarantuje skuteczne od\u017cywienie krzew\u00f3w i drzew owocowych.<\/p>\n<p>Dodatkowo, produkt zosta\u0142 udoskonalony poprzez wykorzystanie mechanizmu stymuluj\u0105cego QM6\u2122, kt\u00f3ry aktywuje mechanizmy obronne ro\u015blin. Ta technologia zwi\u0119ksza zdolno\u015b\u0107 ro\u015blin do zatrzymywania wody i sk\u0142adnik\u00f3w aktywnych z nawozu do krzew\u00f3w i drzew owocowych SOLER Fruit. W rezultacie tego z\u0142o\u017conego procesu mo\u017cemy spodziewa\u0107 si\u0119 obfitych i wysoko jako\u015bciowych owoc\u00f3w.<\/p>\n<p>SOLER Fruit opracowany specjalnie dla krzew\u00f3w i drzew owocowych, wyr\u00f3\u017cnia si\u0119 bezpiecze\u0144stwem, poniewa\u017c jest preparatem bezchlorkowym. Sk\u0142adniki zawarte w produkcie posiadaj\u0105 w\u0142a\u015bciwo\u015bci dezynfekuj\u0105ce dla u\u017cywanych opryskiwaczy oraz przejmuj\u0105 funkcj\u0119 fungicydow\u0105 dla ro\u015blin. To przyczynia si\u0119 do ograniczenia rozwoju chorobotw\u00f3rczych patogen\u00f3w. Dzi\u0119ki swojej \u017celowej konsystencji, naw\u00f3z SOLER Fruit mo\u017ce by\u0107 przechowywany przez d\u0142ugi czas, jednocze\u015bnie zachowuj\u0105c pe\u0142n\u0105 skuteczno\u015b\u0107 i jako\u015b\u0107. Od\u017cywka przeznaczona dla krzew\u00f3w i drzew owocowych, jest \u0142atwa w mieszaniu i wygodna w stosowaniu.<\/p>\n<p><strong style=\"font-size: inherit; font-family: -apple-system, system-ui, BlinkMacSystemFont, 'Segoe UI', Helvetica, Arial, sans-serif, 'Apple Color Emoji', 'Segoe UI Emoji', 'Segoe UI Symbol';\">SK\u0141AD:\u00a0<\/strong><\/p>\n<\/div>\n<div class=\"et_pb_text_inner\">\n<section id=\"section-50-47\" class=\" ct-section oxy-margin-bottom\">\n<div class=\"ct-section-inner-wrap\">\n<div id=\"_tabs_contents-60-47\" class=\"oxy-tabs-contents-wrapper oxy-tabs-contents\">\n<div id=\"_tab_content-64-47\" class=\"oxy-tab-content tabs-contents-2212-tab\">\n<div id=\"div_block-65-47\" class=\"ct-div-block\">\n<div id=\"_rich_text-66-47\" class=\"oxy-rich-text\">\n<section id=\"section-51-85\" class=\" ct-section oxy-margin-bottom\">\n<div class=\"ct-section-inner-wrap\">\n<div id=\"_tabs_contents-61-85\" class=\"oxy-tabs-contents-wrapper oxy-tabs-contents\">\n<div id=\"_tab_content-65-85\" class=\"oxy-tab-content tabs-contents-2212-tab\">\n<div id=\"div_block-66-85\" class=\"ct-div-block\">\n<div id=\"_rich_text-67-85\" class=\"oxy-rich-text\">\n<section id=\"section-51-83\" class=\" ct-section oxy-margin-bottom\">\n<div class=\"ct-section-inner-wrap\">\n<div id=\"_tabs_contents-61-83\" class=\"oxy-tabs-contents-wrapper oxy-tabs-contents\">\n<div id=\"_tab_content-65-83\" class=\"oxy-tab-content tabs-contents-2212-tab\">\n<div id=\"div_block-66-83\" class=\"ct-div-block\">\n<div id=\"_rich_text-67-83\" class=\"oxy-rich-text\">\n<p>Bor (B) \u2013 1,00% (w\/w), Mied\u017a (Cu) \u2013 2,00% (w\/w), Mangan (Mn) \u2013 4,00% (w\/w), Molibden (Mo) \u2013 0,02% (w\/w), Cynk (Zn) \u2013 3,00% (w\/w), Siarka (SO3) \u2013 12,30% (w\/w).<\/p>\n<\/div>\n<\/div>\n<\/div>\n<\/div>\n<\/div>\n<\/section>\n<section id=\"section-112-83\" class=\" ct-section oxy-margin-bottom-last\">\n<div class=\"ct-section-inner-wrap\"><\/div>\n<\/section>\n<\/div>\n<\/div>\n<\/div>\n<\/div>\n<\/div>\n<\/section>\n<section id=\"section-112-85\" class=\" ct-section oxy-margin-bottom-last\">\n<div class=\"ct-section-inner-wrap\"><\/div>\n<\/section>\n<\/div>\n<\/div>\n<\/div>\n<\/div>\n<\/div>\n<\/section>\n<section id=\"section-1383-47\" class=\" ct-section oxy-margin-bottom\">\n<div class=\"ct-section-inner-wrap\">\n<p><strong><strong>Dawkowanie:<\/strong><\/strong><\/p>\n<section id=\"section-51-87\" class=\" ct-section oxy-margin-bottom\">\n<div class=\"ct-section-inner-wrap\">\n<div id=\"_tabs_contents-61-87\" class=\"oxy-tabs-contents-wrapper oxy-tabs-contents\">\n<div id=\"_tab_content-68-87\" class=\"oxy-tab-content tabs-contents-2212-tab\">\n<div id=\"div_block-69-87\" class=\"ct-div-block\">\n<div id=\"_rich_text-70-87\" class=\"oxy-rich-text\">\n<section id=\"section-51-85\" class=\" ct-section oxy-margin-bottom\">\n<div class=\"ct-section-inner-wrap\">\n<div id=\"_tabs_contents-61-85\" class=\"oxy-tabs-contents-wrapper oxy-tabs-contents\">\n<div id=\"_tab_content-68-85\" class=\"oxy-tab-content tabs-contents-2212-tab\">\n<div id=\"div_block-69-85\" class=\"ct-div-block\">\n<div id=\"_rich_text-70-85\" class=\"oxy-rich-text\">\n<p><img decoding=\"async\" class=\"aligncenter size-full wp-image-894\" src=\"https:\/\/agro-expert.eu\/wp-content\/uploads\/2025\/06\/Zrzut-ekranu-2025-06-9-o-14.02.41.png\" alt=\"\" width=\"1116\" height=\"131\" srcset=\"https:\/\/agro-expert.eu\/wp-content\/uploads\/2025\/06\/Zrzut-ekranu-2025-06-9-o-14.02.41.png 1116w, https:\/\/agro-expert.eu\/wp-content\/uploads\/2025\/06\/Zrzut-ekranu-2025-06-9-o-14.02.41-300x35.png 300w, https:\/\/agro-expert.eu\/wp-content\/uploads\/2025\/06\/Zrzut-ekranu-2025-06-9-o-14.02.41-1024x120.png 1024w, https:\/\/agro-expert.eu\/wp-content\/uploads\/2025\/06\/Zrzut-ekranu-2025-06-9-o-14.02.41-768x90.png 768w, https:\/\/agro-expert.eu\/wp-content\/uploads\/2025\/06\/Zrzut-ekranu-2025-06-9-o-14.02.41-600x70.png 600w\" sizes=\"(max-width: 1116px) 100vw, 1116px\" \/><\/p>\n<\/div>\n<\/div>\n<\/div>\n<\/div>\n<\/div>\n<\/section>\n<section id=\"section-112-85\" class=\" ct-section oxy-margin-bottom-last\">\n<div class=\"ct-section-inner-wrap\"><\/div>\n<\/section>\n<\/div>\n<\/div>\n<\/div>\n<\/div>\n<\/div>\n<\/section>\n<section id=\"section-352-87\" class=\" ct-section oxy-margin-bottom\">\n<div class=\"ct-section-inner-wrap\"><\/div>\n<\/section>\n<\/div>\n<\/section>\n<\/div>\n<\/div>\n","protected":false},"excerpt":{"rendered":"<p>SOLER\u00a0 Fruit Naw\u00f3z do krzew\u00f3w i drzew owocowych \u017belowy naw\u00f3z mikroelementowy, specjalnie opracowany z my\u015bl\u0105 o drzewach i krzewach owocowych oraz truskawkach, stanowi innowacyjny i efektywny produkt charakteryzuj\u0105cy si\u0119 wysok\u0105 zawarto\u015bci\u0105 siarki i miedzi systemicznej. Mikroelementy w nawozie SOLER Fruit zapewniaj\u0105 uprawom krzew\u00f3w i drzew owocowych wzmocnienie, zdrowy rozw\u00f3j, odpowiedni\u0105 fitosanitarno\u015b\u0107 oraz stymulacj\u0119. Siarka i &#8230; <a title=\"SOLER  Fruit &#8211; 5L (Naw\u00f3z do krzew\u00f3w i drzew owocowych) (Kopia)\" class=\"read-more\" href=\"https:\/\/agro-expert.eu\/?product=soler-fruit-5l-nawoz-do-krzewow-i-drzew-owocowych-kopia\" aria-label=\"Read more about SOLER  Fruit &#8211; 5L (Naw\u00f3z do krzew\u00f3w i drzew owocowych) (Kopia)\">Dowiedz si\u0119 wi\u0119cej<\/a><\/p>\n","protected":false},"featured_media":898,"comment_status":"open","ping_status":"closed","template":"","meta":{"om_disable_all_campaigns":false,"_monsterinsights_skip_tracking":false,"_monsterinsights_sitenote_active":false,"_monsterinsights_sitenote_note":"","_monsterinsights_sitenote_category":0,"_uf_show_specific_survey":0,"_uf_disable_surveys":false},"product_brand":[],"product_cat":[45,49],"product_tag":[],"class_list":{"0":"post-897","1":"product","2":"type-product","3":"status-publish","4":"has-post-thumbnail","6":"product_cat-agrarius","7":"product_cat-nawozy-agrarius","9":"first","10":"instock","11":"taxable","12":"shipping-taxable","13":"purchasable","14":"product-type-simple"},"aioseo_notices":[],"jetpack_sharing_enabled":true,"_links":{"self":[{"href":"https:\/\/agro-expert.eu\/index.php?rest_route=\/wp\/v2\/product\/897","targetHints":{"allow":["GET"]}}],"collection":[{"href":"https:\/\/agro-expert.eu\/index.php?rest_route=\/wp\/v2\/product"}],"about":[{"href":"https:\/\/agro-expert.eu\/index.php?rest_route=\/wp\/v2\/types\/product"}],"replies":[{"embeddable":true,"href":"https:\/\/agro-expert.eu\/index.php?rest_route=%2Fwp%2Fv2%2Fcomments&post=897"}],"wp:featuredmedia":[{"embeddable":true,"href":"https:\/\/agro-expert.eu\/index.php?rest_route=\/wp\/v2\/media\/898"}],"wp:attachment":[{"href":"https:\/\/agro-expert.eu\/index.php?rest_route=%2Fwp%2Fv2%2Fmedia&parent=897"}],"wp:term":[{"taxonomy":"product_brand","embeddable":true,"href":"https:\/\/agro-expert.eu\/index.php?rest_route=%2Fwp%2Fv2%2Fproduct_brand&post=897"},{"taxonomy":"product_cat","embeddable":true,"href":"https:\/\/agro-expert.eu\/index.php?rest_route=%2Fwp%2Fv2%2Fproduct_cat&post=897"},{"taxonomy":"product_tag","embeddable":true,"href":"https:\/\/agro-expert.eu\/index.php?rest_route=%2Fwp%2Fv2%2Fproduct_tag&post=897"}],"curies":[{"name":"wp","href":"https:\/\/api.w.org\/{rel}","templated":true}]}}