{"id":908,"date":"2025-06-09T14:29:09","date_gmt":"2025-06-09T12:29:09","guid":{"rendered":"https:\/\/agro-expert.eu\/?post_type=product&#038;p=908"},"modified":"2025-07-03T15:54:10","modified_gmt":"2025-07-03T13:54:10","slug":"soler-brown-1l-nawoz-do-warzyw-korzeniowych","status":"publish","type":"product","link":"https:\/\/agro-expert.eu\/?product=soler-brown-1l-nawoz-do-warzyw-korzeniowych","title":{"rendered":"SOLER  Brown- 1L (Naw\u00f3z do warzyw korzeniowych)"},"content":{"rendered":"<div class=\"et_pb_module et_pb_image et_pb_image_0\"><\/div>\n<div class=\"et_pb_module et_pb_text et_pb_text_0 et_pb_text_align_left et_pb_bg_layout_light\">\n<div class=\"et_pb_text_inner\">\n<h1 id=\"headline-8-81\" class=\"ct-headline oxy-nawozy\"><strong>SOLER Brown<\/strong><\/h1>\n<h2 id=\"headline-9-81\" class=\"ct-headline\">Naw\u00f3z do warzyw korzeniowych<\/h2>\n<div id=\"text_block-10-81\" class=\"ct-text-block\">Naw\u00f3z mikroelementowy w postaci \u017celowej, specjalnie opracowany dla upraw warzyw korzeniowych, cebuli i czosnku. Jest innowacyjnym i skutecznym produktem zawieraj\u0105cym wysok\u0105 zawarto\u015b\u0107 siarki i miedzi systemicznej. Mikroelementy zawarte w nawozie SOLER Brown wp\u0142ywaj\u0105 pozytywnie na upraw\u0119 warzyw korzeniowych dzia\u0142aj\u0105c wzmacniaj\u0105co, prozdrowotnie, oczyszczaj\u0105co i stymuluj\u0105co. Siarka oraz \u0142atwo przyswajalna mied\u017a systemiczna wspiera odporno\u015b\u0107 ro\u015blin na infekcj\u0119 grzybowe i bakteryjne, a zaawansowane technologie opracowania produktu, takie jak SILEVEL\u2122 i QM6\u2122 zwi\u0119kszaj\u0105 jego efektywno\u015b\u0107.<\/div>\n<p><img fetchpriority=\"high\" decoding=\"async\" class=\"aligncenter wp-image-909 size-full\" src=\"https:\/\/agro-expert.eu\/wp-content\/uploads\/2025\/06\/Zrzut-ekranu-2025-06-9-o-14.30.22.png\" alt=\"\" width=\"1160\" height=\"350\" srcset=\"https:\/\/agro-expert.eu\/wp-content\/uploads\/2025\/06\/Zrzut-ekranu-2025-06-9-o-14.30.22.png 1160w, https:\/\/agro-expert.eu\/wp-content\/uploads\/2025\/06\/Zrzut-ekranu-2025-06-9-o-14.30.22-300x91.png 300w, https:\/\/agro-expert.eu\/wp-content\/uploads\/2025\/06\/Zrzut-ekranu-2025-06-9-o-14.30.22-1024x309.png 1024w, https:\/\/agro-expert.eu\/wp-content\/uploads\/2025\/06\/Zrzut-ekranu-2025-06-9-o-14.30.22-768x232.png 768w, https:\/\/agro-expert.eu\/wp-content\/uploads\/2025\/06\/Zrzut-ekranu-2025-06-9-o-14.30.22-600x181.png 600w\" sizes=\"(max-width: 1160px) 100vw, 1160px\" \/><\/p>\n<p><strong>DZIA\u0141ANIE:<\/strong><\/p>\n<p>Warzywa korzeniowe takie jak marchew, pietruszka, pasternak, chrzan, cebula czy seler, kt\u00f3rych jadalne cz\u0119\u015bci znajduj\u0105 si\u0119 pod ziemi\u0105, wymagaj\u0105 odpowiedniej ilo\u015bci mikroelement\u00f3w dla zdrowego wzrostu i rozwoju. Naw\u00f3z do warzyw korzeniowych\u00a0<b>SOLER Brown<\/b>\u00a0zawiera wszystkie najpotrzebniejsze mikroelementy dla wydajnego i zdrowego od\u017cywienia uprawy. Mied\u017a (Cu) jest niezb\u0119dna dla wzrostu ro\u015blin i odgrywa istotn\u0105 role w procesie fotosyntezy. Pomaga w produkcji chlorofilu oraz transporcie enzym\u00f3w, co wp\u0142ywa na zdrowy wzrost korzeni. Warzywa korzeniowe potrzebuj\u0105 r\u00f3wnie\u017c boru (B), kt\u00f3ry wspiera syntez\u0119 cukr\u00f3w oraz dba o utrzymanie struktury \u015bcian kom\u00f3rkowych. Wa\u017cnymi sk\u0142adnikami dla rozwoju korzeni s\u0105 r\u00f3wnie\u017c Mangan (Mn) oraz Cynk (Zn), kt\u00f3re zapewniaj\u0105 ro\u015blinom prawid\u0142owy metabolizm oraz uczestnicz\u0105 w syntezie bia\u0142ek. Molibden (Mo) odpowiada procesom metabolicznym zwi\u0105zanym z przyswajaniem azotu, a Siarka (Si) dba o fitosanitarno\u015b\u0107 warzyw korzeniowych.<\/p>\n<p>Dzi\u0119ki wykorzystaniu technologii SILEVEL\u2122, hydro\u017cele oparte na krzemie generuj\u0105 specyficzne kieszenie lub inaczej \u201eprzestrzenie mi\u0119dzypakietowe\u201d, gdzie zatrzymywane s\u0105 sk\u0142adniki od\u017cywcze. W momencie kontaktu z ro\u015blin\u0105, uwalnianie tych substancji od\u017cywczych zachodzi stopniowo i efektywnie, co wyd\u0142u\u017ca ich dost\u0119pno\u015b\u0107 dla ro\u015blin. Naw\u00f3z\u00a0<b>SOLER Brown<\/b>\u00a0do warzyw korzeniowych wykazuje w\u0142a\u015bciwo\u015bci higroskopijne, co zapewnia jego odporno\u015b\u0107 na wysychanie. To sprawia, \u017ce ten \u0142atwo p\u0119cznieje co umo\u017cliwia jego d\u0142ugotrwa\u0142e przyleganie do ro\u015bliny nawet w czasie opad\u00f3w. Gwarantuje to skuteczno\u015b\u0107 od\u017cywiania warzyw korzeniowych.<\/p>\n<p>Ponadto, produkt zosta\u0142 ulepszony poprzez zastosowanie mechanizmu stymuluj\u0105cego QM6\u2122, kt\u00f3ry uruchamia naturalne mechanizmy obronne ro\u015blin. Ten system zwi\u0119ksza zdolno\u015b\u0107 ro\u015blin do retencji wody i substancji aktywnych z nawozu do warzyw korzeniowych SOLER Brown. W efekcie tego kompleksowego procesu mo\u017cemy spodziewa\u0107 si\u0119 obfitych plon\u00f3w o wysokiej jako\u015bci.<\/p>\n<p>Naw\u00f3z SOLER Brown, specjalnie opracowany dla upraw warzyw korzeniowych, cebuli i czosnku, wyr\u00f3\u017cnia bezpiecze\u0144stwo, poniewa\u017c jest preparatem bezchlorkowym. Sk\u0142adniki w produkcie wykazuj\u0105 w\u0142a\u015bciwo\u015bci dezynfekuj\u0105ce dla stosowanych urz\u0105dze\u0144 do opryskiwania oraz przejmuj\u0105 funkcje fungicydowe dla ro\u015blin. To przyczynia si\u0119 do ograniczenia rozwoju chorobotw\u00f3rczych patogen\u00f3w. Jego \u017celowa konsystencja sprawia, \u017ce naw\u00f3z do warzyw korzeniowych mo\u017ce by\u0107 d\u0142ugotrwale przechowywany, zachowuj\u0105c pe\u0142n\u0105 skuteczno\u015b\u0107 i jako\u015b\u0107. Od\u017cywka dedykowana warzywom korzeniowym jest \u0142atwa w mieszaniu, co sprawia, \u017ce jest wygodna i praktyczna w stosowaniu.<\/p>\n<p><strong style=\"font-size: inherit; font-family: -apple-system, system-ui, BlinkMacSystemFont, 'Segoe UI', Helvetica, Arial, sans-serif, 'Apple Color Emoji', 'Segoe UI Emoji', 'Segoe UI Symbol';\">SK\u0141AD:\u00a0<\/strong><\/p>\n<\/div>\n<div class=\"et_pb_text_inner\">\n<section id=\"section-50-47\" class=\" ct-section oxy-margin-bottom\">\n<div class=\"ct-section-inner-wrap\">\n<div id=\"_tabs_contents-60-47\" class=\"oxy-tabs-contents-wrapper oxy-tabs-contents\">\n<div id=\"_tab_content-64-47\" class=\"oxy-tab-content tabs-contents-2212-tab\">\n<div id=\"div_block-65-47\" class=\"ct-div-block\">\n<div id=\"_rich_text-66-47\" class=\"oxy-rich-text\">\n<section id=\"section-51-85\" class=\" ct-section oxy-margin-bottom\">\n<div class=\"ct-section-inner-wrap\">\n<div id=\"_tabs_contents-61-85\" class=\"oxy-tabs-contents-wrapper oxy-tabs-contents\">\n<div id=\"_tab_content-65-85\" class=\"oxy-tab-content tabs-contents-2212-tab\">\n<div id=\"div_block-66-85\" class=\"ct-div-block\">\n<div id=\"_rich_text-67-85\" class=\"oxy-rich-text\">\n<section id=\"section-51-83\" class=\" ct-section oxy-margin-bottom\">\n<div class=\"ct-section-inner-wrap\">\n<div id=\"_tabs_contents-61-83\" class=\"oxy-tabs-contents-wrapper oxy-tabs-contents\">\n<div id=\"_tab_content-65-83\" class=\"oxy-tab-content tabs-contents-2212-tab\">\n<div id=\"div_block-66-83\" class=\"ct-div-block\">\n<div id=\"_rich_text-67-83\" class=\"oxy-rich-text\">\n<section id=\"section-49-77\" class=\" ct-section oxy-margin-bottom\">\n<div class=\"ct-section-inner-wrap\">\n<div id=\"_tabs_contents-59-77\" class=\"oxy-tabs-contents-wrapper oxy-tabs-contents\">\n<div id=\"_tab_content-63-77\" class=\"oxy-tab-content tabs-contents-2212-tab\">\n<div id=\"div_block-64-77\" class=\"ct-div-block\">\n<div id=\"_rich_text-65-77\" class=\"oxy-rich-text\">\n<section id=\"section-51-79\" class=\" ct-section oxy-margin-bottom\">\n<div class=\"ct-section-inner-wrap\">\n<div id=\"_tabs_contents-61-79\" class=\"oxy-tabs-contents-wrapper oxy-tabs-contents\">\n<div id=\"_tab_content-65-79\" class=\"oxy-tab-content tabs-contents-2212-tab\">\n<div id=\"div_block-66-79\" class=\"ct-div-block\">\n<div id=\"_rich_text-67-79\" class=\"oxy-rich-text\">\n<section id=\"section-51-81\" class=\" ct-section oxy-margin-bottom\">\n<div class=\"ct-section-inner-wrap\">\n<div id=\"_tabs_contents-61-81\" class=\"oxy-tabs-contents-wrapper oxy-tabs-contents\">\n<div id=\"_tab_content-65-81\" class=\"oxy-tab-content tabs-contents-2212-tab\">\n<div id=\"div_block-66-81\" class=\"ct-div-block\">\n<div id=\"_rich_text-67-81\" class=\"oxy-rich-text\">\n<p>Bor (B) \u2013 0,40% (w\/w), Mied\u017a (Cu) \u2013 1,50% (w\/w), Mangan (Mn) \u2013 4,50% (w\/w), Molibden (Mo) \u2013 0,02% (w\/w), Cynk (Zn) \u2013 3,50% (w\/w), Siarka (SO3) \u2013 13,10% (w\/w).<\/p>\n<\/div>\n<\/div>\n<\/div>\n<\/div>\n<\/div>\n<\/section>\n<section id=\"section-112-81\" class=\" ct-section oxy-margin-bottom-last\">\n<div class=\"ct-section-inner-wrap\"><\/div>\n<\/section>\n<\/div>\n<\/div>\n<\/div>\n<\/div>\n<\/div>\n<\/section>\n<\/div>\n<\/div>\n<\/div>\n<\/div>\n<\/div>\n<\/section>\n<\/div>\n<\/div>\n<\/div>\n<\/div>\n<\/div>\n<\/section>\n<\/div>\n<\/div>\n<\/div>\n<\/div>\n<\/div>\n<\/section>\n<section id=\"section-112-85\" class=\" ct-section oxy-margin-bottom-last\">\n<div class=\"ct-section-inner-wrap\"><\/div>\n<\/section>\n<\/div>\n<\/div>\n<\/div>\n<\/div>\n<\/div>\n<\/section>\n<section id=\"section-1383-47\" class=\" ct-section oxy-margin-bottom\">\n<div class=\"ct-section-inner-wrap\">\n<p><strong><strong>Dawkowanie:<\/strong><\/strong><\/p>\n<section id=\"section-49-77\" class=\" ct-section oxy-margin-bottom\">\n<div class=\"ct-section-inner-wrap\">\n<div id=\"_tabs_contents-59-77\" class=\"oxy-tabs-contents-wrapper oxy-tabs-contents\">\n<div id=\"_tab_content-66-77\" class=\"oxy-tab-content tabs-contents-2212-tab\">\n<div id=\"div_block-67-77\" class=\"ct-div-block\">\n<div id=\"_rich_text-68-77\" class=\"oxy-rich-text\">\n<section id=\"section-51-79\" class=\" ct-section oxy-margin-bottom\">\n<div class=\"ct-section-inner-wrap\">\n<div id=\"_tabs_contents-61-79\" class=\"oxy-tabs-contents-wrapper oxy-tabs-contents\">\n<div id=\"_tab_content-68-79\" class=\"oxy-tab-content tabs-contents-2212-tab\">\n<div id=\"div_block-69-79\" class=\"ct-div-block\">\n<div id=\"_rich_text-70-79\" class=\"oxy-rich-text\">\n<section id=\"section-51-81\" class=\" ct-section oxy-margin-bottom\">\n<div class=\"ct-section-inner-wrap\">\n<div id=\"_tabs_contents-61-81\" class=\"oxy-tabs-contents-wrapper oxy-tabs-contents\">\n<div id=\"_tab_content-68-81\" class=\"oxy-tab-content tabs-contents-2212-tab\">\n<div id=\"div_block-69-81\" class=\"ct-div-block\">\n<div id=\"_rich_text-70-81\" class=\"oxy-rich-text\">\n<p>1 l\/300-600 l wody\/ha; 2-4 zabiegi w sezonie.<\/p>\n<\/div>\n<\/div>\n<\/div>\n<\/div>\n<\/div>\n<\/section>\n<section id=\"section-112-81\" class=\" ct-section oxy-margin-bottom-last\">\n<div class=\"ct-section-inner-wrap\"><\/div>\n<\/section>\n<\/div>\n<\/div>\n<\/div>\n<\/div>\n<\/div>\n<\/section>\n<section id=\"section-120-79\" class=\" ct-section oxy-margin-bottom\">\n<div class=\"ct-section-inner-wrap\"><\/div>\n<\/section>\n<\/div>\n<\/div>\n<\/div>\n<\/div>\n<\/div>\n<\/section>\n<section id=\"section-71-77\" class=\" ct-section oxy-margin-bottom\">\n<div class=\"ct-section-inner-wrap\"><\/div>\n<\/section>\n<section id=\"section-352-87\" class=\" ct-section oxy-margin-bottom\">\n<div class=\"ct-section-inner-wrap\"><\/div>\n<\/section>\n<\/div>\n<\/section>\n<\/div>\n<\/div>\n","protected":false},"excerpt":{"rendered":"<p>SOLER Brown Naw\u00f3z do warzyw korzeniowych Naw\u00f3z mikroelementowy w postaci \u017celowej, specjalnie opracowany dla upraw warzyw korzeniowych, cebuli i czosnku. Jest innowacyjnym i skutecznym produktem zawieraj\u0105cym wysok\u0105 zawarto\u015b\u0107 siarki i miedzi systemicznej. Mikroelementy zawarte w nawozie SOLER Brown wp\u0142ywaj\u0105 pozytywnie na upraw\u0119 warzyw korzeniowych dzia\u0142aj\u0105c wzmacniaj\u0105co, prozdrowotnie, oczyszczaj\u0105co i stymuluj\u0105co. Siarka oraz \u0142atwo przyswajalna mied\u017a &#8230; <a title=\"SOLER  Brown- 1L (Naw\u00f3z do warzyw korzeniowych)\" class=\"read-more\" href=\"https:\/\/agro-expert.eu\/?product=soler-brown-1l-nawoz-do-warzyw-korzeniowych\" aria-label=\"Read more about SOLER  Brown- 1L (Naw\u00f3z do warzyw korzeniowych)\">Dowiedz si\u0119 wi\u0119cej<\/a><\/p>\n","protected":false},"featured_media":910,"comment_status":"open","ping_status":"closed","template":"","meta":{"om_disable_all_campaigns":false,"_monsterinsights_skip_tracking":false,"_monsterinsights_sitenote_active":false,"_monsterinsights_sitenote_note":"","_monsterinsights_sitenote_category":0,"_uf_show_specific_survey":0,"_uf_disable_surveys":false},"product_brand":[],"product_cat":[45,49],"product_tag":[],"class_list":{"0":"post-908","1":"product","2":"type-product","3":"status-publish","4":"has-post-thumbnail","6":"product_cat-agrarius","7":"product_cat-nawozy-agrarius","9":"first","10":"instock","11":"taxable","12":"shipping-taxable","13":"purchasable","14":"product-type-simple"},"aioseo_notices":[],"jetpack_sharing_enabled":true,"_links":{"self":[{"href":"https:\/\/agro-expert.eu\/index.php?rest_route=\/wp\/v2\/product\/908","targetHints":{"allow":["GET"]}}],"collection":[{"href":"https:\/\/agro-expert.eu\/index.php?rest_route=\/wp\/v2\/product"}],"about":[{"href":"https:\/\/agro-expert.eu\/index.php?rest_route=\/wp\/v2\/types\/product"}],"replies":[{"embeddable":true,"href":"https:\/\/agro-expert.eu\/index.php?rest_route=%2Fwp%2Fv2%2Fcomments&post=908"}],"wp:featuredmedia":[{"embeddable":true,"href":"https:\/\/agro-expert.eu\/index.php?rest_route=\/wp\/v2\/media\/910"}],"wp:attachment":[{"href":"https:\/\/agro-expert.eu\/index.php?rest_route=%2Fwp%2Fv2%2Fmedia&parent=908"}],"wp:term":[{"taxonomy":"product_brand","embeddable":true,"href":"https:\/\/agro-expert.eu\/index.php?rest_route=%2Fwp%2Fv2%2Fproduct_brand&post=908"},{"taxonomy":"product_cat","embeddable":true,"href":"https:\/\/agro-expert.eu\/index.php?rest_route=%2Fwp%2Fv2%2Fproduct_cat&post=908"},{"taxonomy":"product_tag","embeddable":true,"href":"https:\/\/agro-expert.eu\/index.php?rest_route=%2Fwp%2Fv2%2Fproduct_tag&post=908"}],"curies":[{"name":"wp","href":"https:\/\/api.w.org\/{rel}","templated":true}]}}