{"id":964,"date":"2025-06-09T15:17:48","date_gmt":"2025-06-09T13:17:48","guid":{"rendered":"https:\/\/agro-expert.eu\/?post_type=product&#038;p=964"},"modified":"2025-07-03T15:52:30","modified_gmt":"2025-07-03T13:52:30","slug":"soler-l-5l-nawoz-do-soi-i-roslin-bobowatych-kopia","status":"publish","type":"product","link":"https:\/\/agro-expert.eu\/?product=soler-l-5l-nawoz-do-soi-i-roslin-bobowatych-kopia","title":{"rendered":"SOLER  L- 5L (Naw\u00f3z do soi i ro\u015blin bobowatych)"},"content":{"rendered":"<div class=\"et_pb_module et_pb_image et_pb_image_0\"><\/div>\n<div class=\"et_pb_module et_pb_text et_pb_text_0 et_pb_text_align_left et_pb_bg_layout_light\">\n<div class=\"et_pb_text_inner\">\n<h1 id=\"headline-8-75\" class=\"ct-headline oxy-nawozy\"><strong>SOLER L<\/strong><\/h1>\n<h2 id=\"headline-9-75\" class=\"ct-headline\">Naw\u00f3z do soi i ro\u015blin bobowatych<\/h2>\n<div id=\"text_block-10-75\" class=\"ct-text-block\">Wysoce skuteczny i innowacyjny naw\u00f3z do soi i ro\u015blin bobowatych SOLER L to mikroelementowy preparat opracowany zgodnie z potrzebami uprawowymi ro\u015blin bobowatych i soi. Produkt w \u0142atwej do stosowania, \u017celowej formie cechuje si\u0119 wysok\u0105 zawarto\u015bci\u0105 miedzi systemicznej i siarki co wp\u0142ywa na fitosanitarno\u015b\u0107 uprawy oraz gwarantuje prawid\u0142owe od\u017cywienie ro\u015blin, skutecznie pobudzaj\u0105c ich wzrost i zwi\u0119kszaj\u0105c plonowanie. Dwie zaawansowane technologie SILEVEL\u2122 i QM6\u2122 pozwalaj\u0105 na skuteczniejsze przyswajanie sk\u0142adnik\u00f3w od\u017cywczych i pobudzenie mechanizm\u00f3w obronnych w krytycznych momentach uprawy.<\/div>\n<p><img fetchpriority=\"high\" decoding=\"async\" class=\"aligncenter wp-image-961 size-full\" src=\"https:\/\/agro-expert.eu\/wp-content\/uploads\/2025\/06\/Zrzut-ekranu-2025-06-9-o-15.15.10.png\" alt=\"\" width=\"1283\" height=\"341\" srcset=\"https:\/\/agro-expert.eu\/wp-content\/uploads\/2025\/06\/Zrzut-ekranu-2025-06-9-o-15.15.10.png 1283w, https:\/\/agro-expert.eu\/wp-content\/uploads\/2025\/06\/Zrzut-ekranu-2025-06-9-o-15.15.10-300x80.png 300w, https:\/\/agro-expert.eu\/wp-content\/uploads\/2025\/06\/Zrzut-ekranu-2025-06-9-o-15.15.10-1024x272.png 1024w, https:\/\/agro-expert.eu\/wp-content\/uploads\/2025\/06\/Zrzut-ekranu-2025-06-9-o-15.15.10-768x204.png 768w, https:\/\/agro-expert.eu\/wp-content\/uploads\/2025\/06\/Zrzut-ekranu-2025-06-9-o-15.15.10-600x159.png 600w\" sizes=\"(max-width: 1283px) 100vw, 1283px\" \/><\/p>\n<p><strong>DZIA\u0141ANIE:<\/strong><\/p>\n<p>Umiej\u0119tne nawo\u017cenie soi i ro\u015blin bobowatych to kluczowy czynnik warunkuj\u0105cy jej udane plonowanie tych upraw. Uprawa soi wymaga stworzenia odpowiednich warunk\u00f3w pod wzgl\u0119dem zasobno\u015bci gleby. Soja nale\u017c\u0105ca do rodziny bobowatych ma du\u017ce wymogi termiczne i jest bardzo wra\u017cliwa na przygruntowe przymrozki. Ta ro\u015blina wymaga szczeg\u00f3lnego traktowania przede wszystkim w dw\u00f3ch krytycznych okresach: od momentu siewu do wschod\u00f3w oraz w fazie kwitnienia. Wyst\u0119puj\u0105ce wtedy wahania temperatury lub niedobory wody mog\u0105 bardzo negatywnie wp\u0142ywa\u0107 na jako\u015b\u0107 uprawy, ale dzi\u0119ki zastosowaniu\u00a0<b>nawozu do soi i ro\u015blin bobowatych SOLER L<\/b>\u00a0te ryzyka s\u0105 znacznie zminimalizowane.<\/p>\n<p>Specjalistyczna od\u017cywka do soi i ro\u015blin z rodziny bobowatych zosta\u0142a opracowana z zastosowaniem technologii SILEVEL\u2122. Sk\u0142adniki nawozowe s\u0105 w niej zamkni\u0119te w specjalnych przestrzeniach mi\u0119dzy pakietowych, kt\u00f3re umo\u017cliwiaj\u0105 powolne i d\u0142ugotrwa\u0142e uwalnianie ich do gleby. Hydro\u017celowy\u00a0<b>naw\u00f3z do soi i ro\u015blin bobowatych<\/b>\u00a0na bazie krzemu wyd\u0142u\u017ca dost\u0119pno\u015b\u0107 mikrosk\u0142adnik\u00f3w, a dzi\u0119ki temu uprawy s\u0105 zasilane r\u00f3wnomiernie na r\u00f3\u017cnych etapach wzrostu.<\/p>\n<p>Mikroelementowa od\u017cywka\u00a0<b>SOLER L<\/b>\u00a0to higroskopijny preparat, kt\u00f3ry trudno wysycha, bardzo \u0142atwo p\u0119cznieje i odznacza si\u0119 doskona\u0142\u0105 przyczepno\u015bci\u0105 do ro\u015blin, a przez to jest te\u017c odporny na zmywanie przez deszcz. W\u00a0<b>nawozie do soi i ro\u015blin bobowatych SOLER L<\/b>\u00a0zastosowano du\u017ce dawki siarki oraz miedzi systemicznej. Te sk\u0142adniki mineralne wykazuj\u0105 prozdrowotne dzia\u0142anie na ro\u015bliny: wzmacniaj\u0105 upraw\u0119, dezynfekuj\u0105 j\u0105 i stymuluj\u0105 do wzrostu, kwitnienia oraz plonowania.<\/p>\n<ul>\n<li aria-level=\"1\">Siarka wspomaga wzrost korzeni i zwi\u0119ksza odporno\u015b\u0107 ro\u015blin na choroby oraz uszkodzenia spowodowane przez szkodniki. Prawid\u0142owa poda\u017c siarki warunkuje utrzymanie odpowiedniej ilo\u015bci bia\u0142ek w ro\u015blinie.<\/li>\n<li aria-level=\"1\">Mied\u017a warunkuje prawid\u0142owy metabolizm ro\u015blin, pozytywnie wp\u0142ywa na proces fotosyntezy, unieszkodliwia wolne rodniki i bierze udzia\u0142 w procesach lignifikacji. Mied\u017a to niezb\u0119dny sk\u0142adnik od\u017cywczy nie tylko w uprawie soi, ale te\u017c innych ro\u015blin.<\/li>\n<\/ul>\n<p>Dolistny\u00a0<b>naw\u00f3z do soi i ro\u015blin bobowatych SOLER L<\/b>\u00a0zosta\u0142 opracowany z u\u017cyciem mechanizmu stymuluj\u0105cego QM6\u2122, kt\u00f3ry pobudza w ro\u015blinie odruchy obronne i zwi\u0119ksza jej zdolno\u015b\u0107 do gromadzenia sk\u0142adnik\u00f3w od\u017cywczych pochodz\u0105cych z nawozu oraz wody, szczeg\u00f3lnie w kluczowych fazach rozwoju, kiedy odpowiednie nawodnienie jest niezb\u0119dne dla powodzenia uprawy.<\/p>\n<p>Bezchlorkowy preparat\u00a0<b>SOLER L<\/b>\u00a0ogranicza rozw\u00f3j chorobotw\u00f3rczych patogen\u00f3w, a dzi\u0119ki w\u0142a\u015bciwo\u015bciom fungicydowym dzia\u0142a dezynfekuj\u0105co na opryskiwacz i na sam\u0105 upraw\u0119, przez co ogranicza ryzyko namna\u017cania si\u0119 niekorzystnych drobnoustroj\u00f3w.<\/p>\n<p><strong style=\"font-size: inherit; font-family: -apple-system, system-ui, BlinkMacSystemFont, 'Segoe UI', Helvetica, Arial, sans-serif, 'Apple Color Emoji', 'Segoe UI Emoji', 'Segoe UI Symbol';\">SK\u0141AD:\u00a0<\/strong><\/p>\n<\/div>\n<div class=\"et_pb_text_inner\">\n<section id=\"section-50-47\" class=\" ct-section oxy-margin-bottom\">\n<div class=\"ct-section-inner-wrap\">\n<div id=\"_tabs_contents-60-47\" class=\"oxy-tabs-contents-wrapper oxy-tabs-contents\">\n<div id=\"_tab_content-64-47\" class=\"oxy-tab-content tabs-contents-2212-tab\">\n<div id=\"div_block-65-47\" class=\"ct-div-block\">\n<div id=\"_rich_text-66-47\" class=\"oxy-rich-text\">\n<section id=\"section-51-85\" class=\" ct-section oxy-margin-bottom\">\n<div class=\"ct-section-inner-wrap\">\n<div id=\"_tabs_contents-61-85\" class=\"oxy-tabs-contents-wrapper oxy-tabs-contents\">\n<div id=\"_tab_content-65-85\" class=\"oxy-tab-content tabs-contents-2212-tab\">\n<div id=\"div_block-66-85\" class=\"ct-div-block\">\n<div id=\"_rich_text-67-85\" class=\"oxy-rich-text\">\n<section id=\"section-51-83\" class=\" ct-section oxy-margin-bottom\">\n<div class=\"ct-section-inner-wrap\">\n<div id=\"_tabs_contents-61-83\" class=\"oxy-tabs-contents-wrapper oxy-tabs-contents\">\n<div id=\"_tab_content-65-83\" class=\"oxy-tab-content tabs-contents-2212-tab\">\n<div id=\"div_block-66-83\" class=\"ct-div-block\">\n<div id=\"_rich_text-67-83\" class=\"oxy-rich-text\">\n<section id=\"section-49-77\" class=\" ct-section oxy-margin-bottom\">\n<div class=\"ct-section-inner-wrap\">\n<div id=\"_tabs_contents-59-77\" class=\"oxy-tabs-contents-wrapper oxy-tabs-contents\">\n<div id=\"_tab_content-63-77\" class=\"oxy-tab-content tabs-contents-2212-tab\">\n<div id=\"div_block-64-77\" class=\"ct-div-block\">\n<div id=\"_rich_text-65-77\" class=\"oxy-rich-text\">\n<section id=\"section-51-79\" class=\" ct-section oxy-margin-bottom\">\n<div class=\"ct-section-inner-wrap\">\n<div id=\"_tabs_contents-61-79\" class=\"oxy-tabs-contents-wrapper oxy-tabs-contents\">\n<div id=\"_tab_content-65-79\" class=\"oxy-tab-content tabs-contents-2212-tab\">\n<div id=\"div_block-66-79\" class=\"ct-div-block\">\n<div id=\"_rich_text-67-79\" class=\"oxy-rich-text\">\n<section id=\"section-51-81\" class=\" ct-section oxy-margin-bottom\">\n<div class=\"ct-section-inner-wrap\">\n<div id=\"_tabs_contents-61-81\" class=\"oxy-tabs-contents-wrapper oxy-tabs-contents\">\n<div id=\"_tab_content-65-81\" class=\"oxy-tab-content tabs-contents-2212-tab\">\n<div id=\"div_block-66-81\" class=\"ct-div-block\">\n<div id=\"_rich_text-67-81\" class=\"oxy-rich-text\">\n<section id=\"section-49-69\" class=\" ct-section oxy-margin-bottom\">\n<div class=\"ct-section-inner-wrap\">\n<div id=\"_tabs_contents-59-69\" class=\"oxy-tabs-contents-wrapper oxy-tabs-contents\">\n<div id=\"_tab_content-63-69\" class=\"oxy-tab-content tabs-contents-2212-tab\">\n<div id=\"div_block-64-69\" class=\"ct-div-block\">\n<div id=\"_rich_text-65-69\" class=\"oxy-rich-text\">\n<section id=\"section-49-71\" class=\" ct-section oxy-margin-bottom\">\n<div class=\"ct-section-inner-wrap\">\n<div id=\"_tabs_contents-59-71\" class=\"oxy-tabs-contents-wrapper oxy-tabs-contents\">\n<div id=\"_tab_content-63-71\" class=\"oxy-tab-content tabs-contents-2212-tab\">\n<div id=\"div_block-64-71\" class=\"ct-div-block\">\n<div id=\"_rich_text-65-71\" class=\"oxy-rich-text\">\n<section id=\"section-541-65\" class=\" ct-section oxy-margin-bottom\">\n<div class=\"ct-section-inner-wrap\">\n<div id=\"_tabs_contents-551-65\" class=\"oxy-tabs-contents-wrapper oxy-tabs-contents\">\n<div id=\"_tab_content-555-65\" class=\"oxy-tab-content tabs-contents-2212-tab\">\n<div id=\"div_block-556-65\" class=\"ct-div-block\">\n<div id=\"_rich_text-557-65\" class=\"oxy-rich-text\">\n<section id=\"section-50-67\" class=\" ct-section oxy-margin-bottom\">\n<div class=\"ct-section-inner-wrap\">\n<div id=\"_tabs_contents-60-67\" class=\"oxy-tabs-contents-wrapper oxy-tabs-contents\">\n<div id=\"_tab_content-64-67\" class=\"oxy-tab-content tabs-contents-2212-tab\">\n<div id=\"div_block-65-67\" class=\"ct-div-block\">\n<div id=\"_rich_text-66-67\" class=\"oxy-rich-text\">\n<section id=\"section-50-67\" class=\" ct-section oxy-margin-bottom\">\n<div class=\"ct-section-inner-wrap\">\n<div id=\"_tabs_contents-60-67\" class=\"oxy-tabs-contents-wrapper oxy-tabs-contents\">\n<div id=\"_tab_content-64-67\" class=\"oxy-tab-content tabs-contents-2212-tab\">\n<div id=\"div_block-65-67\" class=\"ct-div-block\">\n<div id=\"_rich_text-66-67\" class=\"oxy-rich-text\">\n<section id=\"section-50-73\" class=\" ct-section oxy-margin-bottom\">\n<div class=\"ct-section-inner-wrap\">\n<div id=\"_tabs_contents-60-73\" class=\"oxy-tabs-contents-wrapper oxy-tabs-contents\">\n<div id=\"_tab_content-64-73\" class=\"oxy-tab-content tabs-contents-2212-tab\">\n<div id=\"div_block-65-73\" class=\"ct-div-block\">\n<div id=\"_rich_text-66-73\" class=\"oxy-rich-text\">\n<section id=\"section-51-1521\" class=\" ct-section oxy-margin-bottom\">\n<div class=\"ct-section-inner-wrap\">\n<div id=\"_tabs_contents-61-1521\" class=\"oxy-tabs-contents-wrapper oxy-tabs-contents\">\n<div id=\"_tab_content-65-1521\" class=\"oxy-tab-content tabs-contents-2212-tab\">\n<div id=\"div_block-66-1521\" class=\"ct-div-block\">\n<div id=\"_rich_text-67-1521\" class=\"oxy-rich-text\">\n<section id=\"section-49-75\" class=\" ct-section oxy-margin-bottom\">\n<div class=\"ct-section-inner-wrap\">\n<div id=\"_tabs_contents-59-75\" class=\"oxy-tabs-contents-wrapper oxy-tabs-contents\">\n<div id=\"_tab_content-63-75\" class=\"oxy-tab-content tabs-contents-2212-tab\">\n<div id=\"div_block-64-75\" class=\"ct-div-block\">\n<div id=\"_rich_text-65-75\" class=\"oxy-rich-text\">\n<p>Bor (B) &#8211; 0,40% w\/w, Mied\u017a (Cu) \u2013 1,50% w\/w, Mangan (Mn) \u2013 3,50% w\/w, Molibden (Mo) \u2013 0,02% w\/w, Cynk (Zn) \u2013 4,00% w\/w, Siarka (SO3) \u2013 12,30% w\/w<\/p>\n<\/div>\n<\/div>\n<\/div>\n<\/div>\n<\/div>\n<\/section>\n<section id=\"section-71-75\" class=\" ct-section oxy-margin-bottom\">\n<div class=\"ct-section-inner-wrap\"><\/div>\n<\/section>\n<\/div>\n<\/div>\n<\/div>\n<\/div>\n<\/div>\n<\/section>\n<section id=\"section-112-1521\" class=\" ct-section oxy-margin-bottom-last\">\n<div class=\"ct-section-inner-wrap\"><\/div>\n<\/section>\n<\/div>\n<\/div>\n<\/div>\n<\/div>\n<\/div>\n<\/section>\n<section id=\"section-72-73\" class=\" ct-section oxy-margin-bottom\">\n<div class=\"ct-section-inner-wrap\"><\/div>\n<\/section>\n<\/div>\n<\/div>\n<\/div>\n<\/div>\n<\/div>\n<\/section>\n<section id=\"section-72-67\" class=\" ct-section oxy-margin-bottom\">\n<div class=\"ct-section-inner-wrap\"><\/div>\n<\/section>\n<\/div>\n<\/div>\n<\/div>\n<\/div>\n<\/div>\n<\/section>\n<section id=\"section-72-67\" class=\" ct-section oxy-margin-bottom\">\n<div class=\"ct-section-inner-wrap\"><\/div>\n<\/section>\n<\/div>\n<\/div>\n<\/div>\n<\/div>\n<\/div>\n<\/section>\n<section id=\"section-563-65\" class=\" ct-section oxy-margin-bottom\">\n<div class=\"ct-section-inner-wrap\"><\/div>\n<\/section>\n<\/div>\n<\/div>\n<\/div>\n<\/div>\n<\/div>\n<\/section>\n<section id=\"section-71-71\" class=\" ct-section oxy-margin-bottom\">\n<div class=\"ct-section-inner-wrap\"><\/div>\n<\/section>\n<\/div>\n<\/div>\n<\/div>\n<\/div>\n<\/div>\n<\/section>\n<section id=\"section-118-69\" class=\" ct-section oxy-margin-bottom\">\n<div class=\"ct-section-inner-wrap\"><\/div>\n<\/section>\n<\/div>\n<\/div>\n<\/div>\n<\/div>\n<\/div>\n<\/section>\n<section id=\"section-112-81\" class=\" ct-section oxy-margin-bottom-last\">\n<div class=\"ct-section-inner-wrap\"><\/div>\n<\/section>\n<\/div>\n<\/div>\n<\/div>\n<\/div>\n<\/div>\n<\/section>\n<\/div>\n<\/div>\n<\/div>\n<\/div>\n<\/div>\n<\/section>\n<\/div>\n<\/div>\n<\/div>\n<\/div>\n<\/div>\n<\/section>\n<\/div>\n<\/div>\n<\/div>\n<\/div>\n<\/div>\n<\/section>\n<section id=\"section-112-85\" class=\" ct-section oxy-margin-bottom-last\">\n<div class=\"ct-section-inner-wrap\"><\/div>\n<\/section>\n<\/div>\n<\/div>\n<\/div>\n<\/div>\n<\/div>\n<\/section>\n<section id=\"section-1383-47\" class=\" ct-section oxy-margin-bottom\">\n<div class=\"ct-section-inner-wrap\">\n<p><strong><strong>Dawkowanie:<\/strong><\/strong><\/p>\n<section id=\"section-49-77\" class=\" ct-section oxy-margin-bottom\">\n<div class=\"ct-section-inner-wrap\">\n<div id=\"_tabs_contents-59-77\" class=\"oxy-tabs-contents-wrapper oxy-tabs-contents\">\n<div id=\"_tab_content-66-77\" class=\"oxy-tab-content tabs-contents-2212-tab\">\n<div id=\"div_block-67-77\" class=\"ct-div-block\">\n<div id=\"_rich_text-68-77\" class=\"oxy-rich-text\">\n<section id=\"section-51-79\" class=\" ct-section oxy-margin-bottom\">\n<div class=\"ct-section-inner-wrap\">\n<div id=\"_tabs_contents-61-79\" class=\"oxy-tabs-contents-wrapper oxy-tabs-contents\">\n<div id=\"_tab_content-68-79\" class=\"oxy-tab-content tabs-contents-2212-tab\">\n<div id=\"div_block-69-79\" class=\"ct-div-block\">\n<div id=\"_rich_text-70-79\" class=\"oxy-rich-text\">\n<section id=\"section-51-81\" class=\" ct-section oxy-margin-bottom\">\n<div class=\"ct-section-inner-wrap\">\n<div id=\"_tabs_contents-61-81\" class=\"oxy-tabs-contents-wrapper oxy-tabs-contents\">\n<div id=\"_tab_content-68-81\" class=\"oxy-tab-content tabs-contents-2212-tab\">\n<div id=\"div_block-69-81\" class=\"ct-div-block\">\n<div id=\"_rich_text-70-81\" class=\"oxy-rich-text\"><\/div>\n<\/div>\n<\/div>\n<\/div>\n<\/div>\n<\/section>\n<section id=\"section-112-81\" class=\" ct-section oxy-margin-bottom-last\">\n<div class=\"ct-section-inner-wrap\">\n<p><img decoding=\"async\" class=\"aligncenter wp-image-962 size-full\" src=\"https:\/\/agro-expert.eu\/wp-content\/uploads\/2025\/06\/Zrzut-ekranu-2025-06-9-o-15.15.17.png\" alt=\"\" width=\"1110\" height=\"182\" srcset=\"https:\/\/agro-expert.eu\/wp-content\/uploads\/2025\/06\/Zrzut-ekranu-2025-06-9-o-15.15.17.png 1110w, https:\/\/agro-expert.eu\/wp-content\/uploads\/2025\/06\/Zrzut-ekranu-2025-06-9-o-15.15.17-300x49.png 300w, https:\/\/agro-expert.eu\/wp-content\/uploads\/2025\/06\/Zrzut-ekranu-2025-06-9-o-15.15.17-1024x168.png 1024w, https:\/\/agro-expert.eu\/wp-content\/uploads\/2025\/06\/Zrzut-ekranu-2025-06-9-o-15.15.17-768x126.png 768w, https:\/\/agro-expert.eu\/wp-content\/uploads\/2025\/06\/Zrzut-ekranu-2025-06-9-o-15.15.17-600x98.png 600w\" sizes=\"(max-width: 1110px) 100vw, 1110px\" \/><\/p>\n<h4 id=\"headline-72-75\" class=\"ct-headline\"><strong>Dodatkowe informacje:<\/strong><\/h4>\n<div id=\"text_block-73-75\" class=\"ct-text-block\">Naw\u00f3z do soi i ro\u015blin bobowatych SOLER L \u0142atwo si\u0119 przelewa i dobrze miesza \u2013 jego \u017celowa konsystencja zapewnia wygodne dozowanie i bezproblemowe stosowanie. Produkt ma d\u0142ugi termin przydatno\u015bci do u\u017cycia i nawet po wielu miesi\u0105cach zachowuje wszystkie warto\u015bci u\u017cytkowe.<\/div>\n<\/div>\n<div class=\"ct-section-inner-wrap\">\n<div id=\"text_block-140-69\" class=\"ct-text-block\">\n<section id=\"section-71-71\" class=\" ct-section oxy-margin-bottom\">\n<div class=\"ct-section-inner-wrap\">\n<div id=\"text_block-73-71\" class=\"ct-text-block\">\n<section id=\"section-563-65\" class=\" ct-section oxy-margin-bottom\">\n<div class=\"ct-section-inner-wrap\">\n<div id=\"text_block-565-65\" class=\"ct-text-block\">\n<section id=\"section-114-73\" class=\" ct-section oxy-margin-bottom-last\">\n<div class=\"ct-section-inner-wrap\"><\/div>\n<\/section>\n<p>&nbsp;<\/p>\n<\/div>\n<\/div>\n<\/section>\n<section id=\"section-605-65\" class=\" ct-section oxy-margin-bottom-last\">\n<div class=\"ct-section-inner-wrap\"><\/div>\n<\/section>\n<\/div>\n<\/div>\n<\/section>\n<section id=\"section-113-71\" class=\" ct-section oxy-margin-bottom-last\">\n<div class=\"ct-section-inner-wrap\"><\/div>\n<\/section>\n<\/div>\n<\/div>\n<\/section>\n<\/div>\n<\/div>\n<\/div>\n<\/div>\n<\/div>\n<\/section>\n<section id=\"section-120-79\" class=\" ct-section oxy-margin-bottom\">\n<div class=\"ct-section-inner-wrap\"><\/div>\n<\/section>\n<\/div>\n<\/div>\n<\/div>\n<\/div>\n<\/div>\n<\/section>\n<section id=\"section-71-77\" class=\" ct-section oxy-margin-bottom\">\n<div class=\"ct-section-inner-wrap\"><\/div>\n<\/section>\n<section id=\"section-352-87\" class=\" ct-section oxy-margin-bottom\">\n<div class=\"ct-section-inner-wrap\"><\/div>\n<\/section>\n<\/div>\n<\/section>\n<\/div>\n<\/div>\n","protected":false},"excerpt":{"rendered":"<p>SOLER L Naw\u00f3z do soi i ro\u015blin bobowatych Wysoce skuteczny i innowacyjny naw\u00f3z do soi i ro\u015blin bobowatych SOLER L to mikroelementowy preparat opracowany zgodnie z potrzebami uprawowymi ro\u015blin bobowatych i soi. Produkt w \u0142atwej do stosowania, \u017celowej formie cechuje si\u0119 wysok\u0105 zawarto\u015bci\u0105 miedzi systemicznej i siarki co wp\u0142ywa na fitosanitarno\u015b\u0107 uprawy oraz gwarantuje prawid\u0142owe &#8230; <a title=\"SOLER  L- 5L (Naw\u00f3z do soi i ro\u015blin bobowatych)\" class=\"read-more\" href=\"https:\/\/agro-expert.eu\/?product=soler-l-5l-nawoz-do-soi-i-roslin-bobowatych-kopia\" aria-label=\"Read more about SOLER  L- 5L (Naw\u00f3z do soi i ro\u015blin bobowatych)\">Dowiedz si\u0119 wi\u0119cej<\/a><\/p>\n","protected":false},"featured_media":965,"comment_status":"open","ping_status":"closed","template":"","meta":{"om_disable_all_campaigns":false,"_monsterinsights_skip_tracking":false,"_monsterinsights_sitenote_active":false,"_monsterinsights_sitenote_note":"","_monsterinsights_sitenote_category":0,"_uf_show_specific_survey":0,"_uf_disable_surveys":false},"product_brand":[],"product_cat":[45,49],"product_tag":[],"class_list":{"0":"post-964","1":"product","2":"type-product","3":"status-publish","4":"has-post-thumbnail","6":"product_cat-agrarius","7":"product_cat-nawozy-agrarius","9":"first","10":"instock","11":"taxable","12":"shipping-taxable","13":"purchasable","14":"product-type-simple"},"aioseo_notices":[],"jetpack_sharing_enabled":true,"_links":{"self":[{"href":"https:\/\/agro-expert.eu\/index.php?rest_route=\/wp\/v2\/product\/964","targetHints":{"allow":["GET"]}}],"collection":[{"href":"https:\/\/agro-expert.eu\/index.php?rest_route=\/wp\/v2\/product"}],"about":[{"href":"https:\/\/agro-expert.eu\/index.php?rest_route=\/wp\/v2\/types\/product"}],"replies":[{"embeddable":true,"href":"https:\/\/agro-expert.eu\/index.php?rest_route=%2Fwp%2Fv2%2Fcomments&post=964"}],"wp:featuredmedia":[{"embeddable":true,"href":"https:\/\/agro-expert.eu\/index.php?rest_route=\/wp\/v2\/media\/965"}],"wp:attachment":[{"href":"https:\/\/agro-expert.eu\/index.php?rest_route=%2Fwp%2Fv2%2Fmedia&parent=964"}],"wp:term":[{"taxonomy":"product_brand","embeddable":true,"href":"https:\/\/agro-expert.eu\/index.php?rest_route=%2Fwp%2Fv2%2Fproduct_brand&post=964"},{"taxonomy":"product_cat","embeddable":true,"href":"https:\/\/agro-expert.eu\/index.php?rest_route=%2Fwp%2Fv2%2Fproduct_cat&post=964"},{"taxonomy":"product_tag","embeddable":true,"href":"https:\/\/agro-expert.eu\/index.php?rest_route=%2Fwp%2Fv2%2Fproduct_tag&post=964"}],"curies":[{"name":"wp","href":"https:\/\/api.w.org\/{rel}","templated":true}]}}